('ffda6ef4037bccb5a8cb086acee7f124d58bb802','109.234.165.144',1760403122,'__ci_last_regenerate|i:1760403122;_prev_url|s:31:\"https://www.s-mob.fr/cron/index\";'),('ffda6f3cf7250b1339652bccf1f67c3d9c28968e','109.234.165.144',1746158222,'__ci_last_regenerate|i:1746158222;_prev_url|s:31:\"https://www.s-mob.fr/cron/index\";'),('ffdaa4df266ef272f4077cedc16b1312ca6a3a9f','109.234.165.144',1753071182,'__ci_last_regenerate|i:1753071182;_prev_url|s:31:\"https://www.s-mob.fr/cron/index\";'),('ffdaaaf289d6e072387f84f2228c6f965b50bc22','109.234.165.144',1764927183,'__ci_last_regenerate|i:1764927183;'),('ffdaaf8c850de34e9b11e0f6fd18537656868a82','109.234.165.144',1746378002,'__ci_last_regenerate|i:1746378002;_prev_url|s:31:\"https://www.s-mob.fr/cron/index\";'),('ffdb03ac7c92c5117a79a8ee9f4e142f4c9c61b7','109.234.165.144',1750617062,'__ci_last_regenerate|i:1750617062;_prev_url|s:31:\"https://www.s-mob.fr/cron/index\";'),('ffdb156115c9951297dc196e4ad67078c6f44736','109.234.165.144',1750995603,'__ci_last_regenerate|i:1750995602;_prev_url|s:31:\"https://www.s-mob.fr/cron/index\";'),('ffdb38e0ed2af79dde2d6477fa4c617022fdd954','109.234.165.144',1759724283,'__ci_last_regenerate|i:1759724282;'),('ffdb482dcc804d26c283a46f63a5fae3e733d824','109.234.165.144',1750857543,'__ci_last_regenerate|i:1750857543;_prev_url|s:31:\"https://www.s-mob.fr/cron/index\";'),('ffdb4e22aec29e3844c08ebc0c46b8f461436197','109.234.165.144',1754941922,'__ci_last_regenerate|i:1754941922;_prev_url|s:31:\"https://www.s-mob.fr/cron/index\";'),('ffdb52fdaa4ae0f2268260e12e43bc119a7981f6','109.234.165.144',1748720882,'__ci_last_regenerate|i:1748720882;_prev_url|s:31:\"https://www.s-mob.fr/cron/index\";'),('ffdbb6e8ae21fe928cf685da667c02ee6d9fad05','109.234.165.144',1756332122,'__ci_last_regenerate|i:1756332122;_prev_url|s:31:\"https://www.s-mob.fr/cron/index\";'),('ffdbd03142727aba25bbdb0e910494e4490d91e8','109.234.165.144',1758785522,'__ci_last_regenerate|i:1758785522;_prev_url|s:31:\"https://www.s-mob.fr/cron/index\";'),('ffdbd5233d0ff2c5e1f1343de24c641076c4ccc3','109.234.165.144',1751354343,'__ci_last_regenerate|i:1751354343;_prev_url|s:31:\"https://www.s-mob.fr/cron/index\";'),('ffdbe8d8c4199abfc83e62692e485b0b6edac518','109.234.165.144',1744698723,'__ci_last_regenerate|i:1744698723;_prev_url|s:31:\"https://www.s-mob.fr/cron/index\";'),('ffdbef397b4a9763d3740638cbe17b9e4bb41fa7','109.234.165.144',1770736982,'__ci_last_regenerate|i:1770736982;_prev_url|s:31:\"https://www.s-mob.fr/cron/index\";'),('ffdbf7270a7170787798452c128902efba4fcd41','109.234.165.144',1746761522,'__ci_last_regenerate|i:1746761522;_prev_url|s:31:\"https://www.s-mob.fr/cron/index\";'),('ffdc1002e970360327a4cf002684928a3d9dd42a','109.234.165.144',1761519842,'__ci_last_regenerate|i:1761519842;_prev_url|s:31:\"https://www.s-mob.fr/cron/index\";'),('ffdc127c3dd9972f060335cfebfc2e52bfffa727','109.234.165.144',1770565082,'__ci_last_regenerate|i:1770565082;'),('ffdc2edfc55e81e58dba6ec5d2f7f7447a036966','109.234.165.144',1747161122,'__ci_last_regenerate|i:1747161122;_prev_url|s:31:\"https://www.s-mob.fr/cron/index\";'),('ffdc45b833161f9a2cec17fdadb148cad340ed8a','109.234.165.144',1766234463,'__ci_last_regenerate|i:1766234463;_prev_url|s:31:\"https://www.s-mob.fr/cron/index\";'),('ffdc6db5746be57c8c52cf6f45ea1b46ba0d3bb9','109.234.165.144',1752805322,'__ci_last_regenerate|i:1752805322;_prev_url|s:31:\"https://www.s-mob.fr/cron/index\";'),('ffdc8900f6f62e7232fc106a2e4d7ad4e11dbac4','109.234.165.144',1761435663,'__ci_last_regenerate|i:1761435663;_prev_url|s:31:\"https://www.s-mob.fr/cron/index\";'),('ffdcb0d8f6640d5d3f8562bb136dd88276a950d4','109.234.165.144',1752926763,'__ci_last_regenerate|i:1752926763;_prev_url|s:31:\"https://www.s-mob.fr/cron/index\";'),('ffdd1c849b3edfc233b2469db13c4c1242ce07c2','109.234.165.144',1760519342,'__ci_last_regenerate|i:1760519342;_prev_url|s:31:\"https://www.s-mob.fr/cron/index\";'),('ffdd2ccd9dc9e72aaf5b2ae36fa286b61b0d373d','109.234.165.144',1756577762,'__ci_last_regenerate|i:1756577762;_prev_url|s:31:\"https://www.s-mob.fr/cron/index\";'),('ffddb92ddf24791446f7ca4d04554f6cf492cd91','109.234.165.144',1755082683,'__ci_last_regenerate|i:1755082682;_prev_url|s:31:\"https://www.s-mob.fr/cron/index\";'),('ffddeceee72f4b7a64505fc3f00c79836b396658','109.234.165.144',1743536042,'__ci_last_regenerate|i:1743536042;_prev_url|s:31:\"https://www.s-mob.fr/cron/index\";'),('ffde03aea150553baeaf9b7307136dd322708823','109.234.165.144',1757735703,'__ci_last_regenerate|i:1757735703;_prev_url|s:31:\"https://www.s-mob.fr/cron/index\";'),('ffde33417f948cc627f3f9091cf7fcc19fba61df','109.234.165.144',1765707363,'__ci_last_regenerate|i:1765707363;_prev_url|s:31:\"https://www.s-mob.fr/cron/index\";'),('ffde3487f28f43678771a0160927d4e5b3fe14eb','109.234.165.144',1743201721,'__ci_last_regenerate|i:1743201721;_prev_url|s:31:\"https://www.s-mob.fr/cron/index\";'),('ffde574981fd8d4f4469c2e2721db86107a0ab3c','109.234.165.144',1767351182,'__ci_last_regenerate|i:1767351182;_prev_url|s:31:\"https://www.s-mob.fr/cron/index\";'),('ffde9fe5d7a349c313ee4e62364569318c37820f','109.234.165.144',1767573603,'__ci_last_regenerate|i:1767573603;_prev_url|s:31:\"https://www.s-mob.fr/cron/index\";'),('ffdedb405d7799bbb8d0a38644e58a9e1abfc90a','109.234.165.144',1745011742,'__ci_last_regenerate|i:1745011742;_prev_url|s:31:\"https://www.s-mob.fr/cron/index\";'),('ffdf10fbb3cb2cec493d36becf20ad59a3746ca3','109.234.165.144',1761680703,'__ci_last_regenerate|i:1761680703;_prev_url|s:31:\"https://www.s-mob.fr/cron/index\";'),('ffdf2a3862efce9926d6354680a455f1552bf4ce','109.234.165.144',1753936262,'__ci_last_regenerate|i:1753936262;_prev_url|s:31:\"https://www.s-mob.fr/cron/index\";'),('ffdf37559c306cab3f436cf5d79179e81d44a1de','109.234.165.144',1765806603,'__ci_last_regenerate|i:1765806603;_prev_url|s:31:\"https://www.s-mob.fr/cron/index\";'),('ffdf810a8e16111e823d937bb340adcaedf5f989','109.234.165.144',1745049002,'__ci_last_regenerate|i:1745049002;_prev_url|s:31:\"https://www.s-mob.fr/cron/index\";'),('ffdfa9460087310b3f2c4d09d4536e0664635a78','109.234.165.144',1750245723,'__ci_last_regenerate|i:1750245722;_prev_url|s:31:\"https://www.s-mob.fr/cron/index\";'),('ffdfaf7826fab2b37c17167dc30bc15597c13bd6','109.234.165.144',1742770142,'__ci_last_regenerate|i:1742770142;_prev_url|s:31:\"https://www.s-mob.fr/cron/index\";'),('ffdfc4d5ca27d0631bc4cdd62d5f75d1a7bfb0cc','109.234.165.144',1765385163,'__ci_last_regenerate|i:1765385162;'),('ffdfc98b05de6942fe058bf83c8f64926000dd23','109.234.165.144',1766937902,'__ci_last_regenerate|i:1766937902;_prev_url|s:31:\"https://www.s-mob.fr/cron/index\";'),('ffe00955c6772ef071f3a1dc67a35a6da8f210ab','109.234.165.144',1750595468,'__ci_last_regenerate|i:1750595468;_prev_url|s:31:\"https://www.s-mob.fr/cron/index\";'),('ffe04668bb5f1ad78e8e6035928c97475281d328','109.234.165.144',1754366822,'__ci_last_regenerate|i:1754366822;_prev_url|s:31:\"https://www.s-mob.fr/cron/index\";'),('ffe04e1065bc52195fd5d3d0a1ae64b64dd09eb6','109.234.165.144',1767392162,'__ci_last_regenerate|i:1767392162;_prev_url|s:31:\"https://www.s-mob.fr/cron/index\";'),('ffe0c54e78451d5897c67061ad273378d664c54e','109.234.165.144',1746518942,'__ci_last_regenerate|i:1746518942;_prev_url|s:31:\"https://www.s-mob.fr/cron/index\";'),('ffe0f92120e3d9dc5e3909c1b73653e075a0d3e8','109.234.165.144',1748751662,'__ci_last_regenerate|i:1748751662;_prev_url|s:31:\"https://www.s-mob.fr/cron/index\";'),('ffe11f1e41d2e27cb3df78174761cab1aa6520fa','109.234.165.144',1769468282,'__ci_last_regenerate|i:1769468282;_prev_url|s:31:\"https://www.s-mob.fr/cron/index\";'),('ffe149f0a6b509aba1710d0653c981232aee6626','109.234.165.144',1753477562,'__ci_last_regenerate|i:1753477562;_prev_url|s:31:\"https://www.s-mob.fr/cron/index\";'),('ffe174a2cc05b0036a6fbac1e8dbf14c9f3f2398','109.234.165.144',1740481263,'__ci_last_regenerate|i:1740481263;_prev_url|s:31:\"https://www.s-mob.fr/cron/index\";'),('ffe177cf93389ba440429f5f9ec472b6d61c8d96','109.234.165.144',1768858684,'__ci_last_regenerate|i:1768858684;_prev_url|s:31:\"https://www.s-mob.fr/cron/index\";'),('ffe19ca3ac41cf33ee85d44c4067fa9b248f0b76','109.234.165.144',1742906462,'__ci_last_regenerate|i:1742906462;_prev_url|s:31:\"https://www.s-mob.fr/cron/index\";'),('ffe1d0740adff309cf260c9b7b7afb91bf052dbc','109.234.165.144',1770409202,'__ci_last_regenerate|i:1770409202;_prev_url|s:31:\"https://www.s-mob.fr/cron/index\";'),('ffe1d3891194c10c5d016a39c1e7a2d7f27da5ad','109.234.165.144',1768682103,'__ci_last_regenerate|i:1768682102;'),('ffe1f3e9e2435c77879b50288676372be2443554','109.234.165.144',1745419262,'__ci_last_regenerate|i:1745419262;_prev_url|s:31:\"https://www.s-mob.fr/cron/index\";'),('ffe22904f3e20f66d41a6ced13fe27c959869e7f','109.234.165.144',1760137742,'__ci_last_regenerate|i:1760137742;_prev_url|s:31:\"https://www.s-mob.fr/cron/index\";'),('ffe2505a7516ebb07c72c0519473f4b2c3cdbca7','109.234.165.144',1745229782,'__ci_last_regenerate|i:1745229782;_prev_url|s:31:\"https://www.s-mob.fr/cron/index\";'),('ffe256e105213194d9c8583dd811107c278b1bc7','109.234.165.144',1764626822,'__ci_last_regenerate|i:1764626822;_prev_url|s:31:\"https://www.s-mob.fr/cron/index\";'),('ffe270382927846642af96284e2ff80636d2e7eb','109.234.165.144',1771286643,'__ci_last_regenerate|i:1771286643;_prev_url|s:31:\"https://www.s-mob.fr/cron/index\";'),('ffe28bd8f3accd6cae7b6a181862c13c2b9d6af0','109.234.165.144',1742647623,'__ci_last_regenerate|i:1742647623;_prev_url|s:31:\"https://www.s-mob.fr/cron/index\";'),('ffe28e3d9bac220e1d84dc950f82ee1d6a86c178','109.234.165.144',1755957602,'__ci_last_regenerate|i:1755957602;_prev_url|s:31:\"https://www.s-mob.fr/cron/index\";'),('ffe2fd87e54fa28c040e15735b35c8b0c2b02398','109.234.165.144',1747894022,'__ci_last_regenerate|i:1747894022;_prev_url|s:31:\"https://www.s-mob.fr/cron/index\";'),('ffe311da846da3e0064022d3b3c147d21247d514','109.234.165.144',1758469622,'__ci_last_regenerate|i:1758469622;_prev_url|s:31:\"https://www.s-mob.fr/cron/index\";'),('ffe32c0b8c90923a5791c450176a0541342570dc','109.234.165.144',1766104264,'__ci_last_regenerate|i:1766104264;_prev_url|s:31:\"https://www.s-mob.fr/cron/index\";'),('ffe32f5f4d8969ef0ffa91604ac6afe9401c9171','109.234.165.144',1745598482,'__ci_last_regenerate|i:1745598482;_prev_url|s:31:\"https://www.s-mob.fr/cron/index\";'),('ffe340443ce8bf3f1e43c3ebe8cdc27d0d765bf7','109.234.165.144',1742548502,'__ci_last_regenerate|i:1742548502;_prev_url|s:31:\"https://www.s-mob.fr/cron/index\";'),('ffe348bf0c00280f0652a136edaca283a6859459','109.234.165.144',1755327183,'__ci_last_regenerate|i:1755327183;_prev_url|s:31:\"https://www.s-mob.fr/cron/index\";'),('ffe357a083600062c96f41bd7047fb13344638eb','109.234.165.144',1766932562,'__ci_last_regenerate|i:1766932562;_prev_url|s:31:\"https://www.s-mob.fr/cron/index\";'),('ffe35dc017abd2de4300fa2d4dab0171b16be52c','109.234.165.144',1741653303,'__ci_last_regenerate|i:1741653303;_prev_url|s:31:\"https://www.s-mob.fr/cron/index\";'),('ffe39eb83fd41c48e4542a237e3489b4f327d8af','109.234.165.144',1762118042,'__ci_last_regenerate|i:1762118042;_prev_url|s:31:\"https://www.s-mob.fr/cron/index\";'),('ffe3fa499283aaad311ac7cba73ddf0ae20a6c13','109.234.165.144',1766602262,'__ci_last_regenerate|i:1766602262;_prev_url|s:31:\"https://www.s-mob.fr/cron/index\";'),('ffe427406c5bfcbd8a41f73fe0daa7c68804ac2e','109.234.165.144',1769943002,'__ci_last_regenerate|i:1769943002;_prev_url|s:31:\"https://www.s-mob.fr/cron/index\";'),('ffe447a22b8ead351f1c3c5d0a791f00e5cfec4d','109.234.165.144',1766592363,'__ci_last_regenerate|i:1766592363;_prev_url|s:31:\"https://www.s-mob.fr/cron/index\";'),('ffe464068415fda639176a8142e13829042ee228','109.234.165.144',1758927061,'__ci_last_regenerate|i:1758927061;_prev_url|s:31:\"https://www.s-mob.fr/cron/index\";'),('ffe4719fa589fcca9ddb979f9c3a224ea721b2e1','109.234.165.144',1747067402,'__ci_last_regenerate|i:1747067402;_prev_url|s:31:\"https://www.s-mob.fr/cron/index\";'),('ffe484218ddc704ec8956983424dcb74ca42d9cb','109.234.165.144',1758787689,'__ci_last_regenerate|i:1758787623;'),('ffe4cce1d0d46395e67a2d190a594f2cb021ee52','109.234.165.144',1749945123,'__ci_last_regenerate|i:1749945123;_prev_url|s:31:\"https://www.s-mob.fr/cron/index\";'),('ffe4df45ae5003879e968f20dac9435e45e877ae','109.234.165.144',1759842902,'__ci_last_regenerate|i:1759842902;_prev_url|s:31:\"https://www.s-mob.fr/cron/index\";'),('ffe4ec7526f87bc834d162d918c445551983909c','109.234.165.144',1765736942,'__ci_last_regenerate|i:1765736942;_prev_url|s:31:\"https://www.s-mob.fr/cron/index\";'),('ffe50cdc59ede416b836d11f4f1c7702e23e7e4d','109.234.165.144',1745210581,'__ci_last_regenerate|i:1745210581;_prev_url|s:31:\"https://www.s-mob.fr/cron/index\";'),('ffe5271389963c2e6f4d2e3bab4cdb31c21ef9f3','109.234.165.144',1771130163,'__ci_last_regenerate|i:1771130163;_prev_url|s:31:\"https://www.s-mob.fr/cron/index\";'),('ffe5350bc46d3ebb073f5b9c6d5fcb8aea411421','109.234.165.144',1765966143,'__ci_last_regenerate|i:1765966143;'),('ffe538184b27901ab796c5d484a6181307a665be','109.234.165.144',1756527062,'__ci_last_regenerate|i:1756527062;_prev_url|s:31:\"https://www.s-mob.fr/cron/index\";'),('ffe538ffd2e92519d2a08c19d178ffea01389fe3','205.169.39.65',1744045559,'__ci_last_regenerate|i:1744045557;red_url|s:21:\"https://www.s-mob.fr/\";_prev_url|s:41:\"https://www.s-mob.fr/authentication/login\";'),('ffe5565375c89a16333bdc2a4c5e1a96a0440b31','109.234.165.144',1745105402,'__ci_last_regenerate|i:1745105401;_prev_url|s:31:\"https://www.s-mob.fr/cron/index\";'),('ffe55b769da7e43685c7574d297f01441e6c9eaa','109.234.165.144',1753689661,'__ci_last_regenerate|i:1753689661;_prev_url|s:31:\"https://www.s-mob.fr/cron/index\";'),('ffe593d3259524a10c1af1715a6a326634853840','109.234.165.144',1754072402,'__ci_last_regenerate|i:1754072402;_prev_url|s:31:\"https://www.s-mob.fr/cron/index\";'),('ffe5a67394e7f5a41829193fb3e416ecd389e489','109.234.165.144',1752488821,'__ci_last_regenerate|i:1752488821;_prev_url|s:31:\"https://www.s-mob.fr/cron/index\";'),('ffe5b83c6c7d64045c3d3ced88792726c13c0da3','109.234.165.144',1757581146,'__ci_last_regenerate|i:1757581143;'),('ffe5d7155d550c83e8de7162a8c9492d0b4382ef','109.234.165.144',1763118362,'__ci_last_regenerate|i:1763118362;_prev_url|s:31:\"https://www.s-mob.fr/cron/index\";'),('ffe5f9c8f069bb43e90186f010a997f9515222f3','109.234.165.144',1771032843,'__ci_last_regenerate|i:1771032843;_prev_url|s:31:\"https://www.s-mob.fr/cron/index\";'),('ffe61e57b088385d2cf8ca8f780566738b978f0b','109.234.165.144',1764342724,'__ci_last_regenerate|i:1764342723;_prev_url|s:31:\"https://www.s-mob.fr/cron/index\";'),('ffe6415d8558ee12ea2e65bfc57cde803c8ff2de','109.234.165.144',1746023703,'__ci_last_regenerate|i:1746023703;_prev_url|s:31:\"https://www.s-mob.fr/cron/index\";'),('ffe68a77399961aebf41edc9dca212cf450a7b26','109.234.165.144',1769718783,'__ci_last_regenerate|i:1769718783;_prev_url|s:31:\"https://www.s-mob.fr/cron/index\";'),('ffe69042ba7f3654881e76d4506895c268b21dbb','109.234.165.144',1753933442,'__ci_last_regenerate|i:1753933442;_prev_url|s:31:\"https://www.s-mob.fr/cron/index\";'),('ffe6abae7eac1a8bf2841ea1f8d3e0a99878ff0c','109.234.165.144',1768570624,'__ci_last_regenerate|i:1768570623;'),('ffe6c8502ebefe2a828035983071193205a301ff','109.234.165.144',1770334263,'__ci_last_regenerate|i:1770334263;_prev_url|s:31:\"https://www.s-mob.fr/cron/index\";'),('ffe6dda1aad11268f1a917b3c80edf1003343168','109.234.165.144',1768336142,'__ci_last_regenerate|i:1768336142;_prev_url|s:31:\"https://www.s-mob.fr/cron/index\";'),('ffe6ef74cbdeb41ff74066fe413858ac740f46c7','109.234.165.144',1769121903,'__ci_last_regenerate|i:1769121903;_prev_url|s:31:\"https://www.s-mob.fr/cron/index\";'),('ffe6f28ad0efcf45b95acdab8ad936866c5e9bc4','109.234.165.144',1744426502,'__ci_last_regenerate|i:1744426502;_prev_url|s:31:\"https://www.s-mob.fr/cron/index\";'),('ffe72752fb2984426ffec14daa07c6c022c9a685','109.234.165.144',1770412443,'__ci_last_regenerate|i:1770412443;_prev_url|s:31:\"https://www.s-mob.fr/cron/index\";'),('ffe72ea6b60c678ce921fa15945270d9f43e6d3d','109.234.165.144',1752868503,'__ci_last_regenerate|i:1752868503;_prev_url|s:31:\"https://www.s-mob.fr/cron/index\";'),('ffe736efeba625d6df8e681da5930ac410ca3831','109.234.165.144',1753378682,'__ci_last_regenerate|i:1753378682;_prev_url|s:31:\"https://www.s-mob.fr/cron/index\";'),('ffe77d35b27cf81e70716269c8366713b2654dd5','109.234.165.144',1767249122,'__ci_last_regenerate|i:1767249122;_prev_url|s:31:\"https://www.s-mob.fr/cron/index\";'),('ffe7832522e5204edb548e30dc603aca50945a7d','109.234.165.144',1766599503,'__ci_last_regenerate|i:1766599503;_prev_url|s:31:\"https://www.s-mob.fr/cron/index\";'),('ffe789d914a9085978df54b03e5f803addf16870','109.234.165.144',1767224402,'__ci_last_regenerate|i:1767224402;_prev_url|s:31:\"https://www.s-mob.fr/cron/index\";'),('ffe7a10ec362806e6459a62d1eadbe7684599bcd','109.234.165.144',1755389283,'__ci_last_regenerate|i:1755389283;_prev_url|s:31:\"https://www.s-mob.fr/cron/index\";'),('ffe7a6ac0af72598d8dae94b0e35f4253e80ed79','109.234.165.144',1765307883,'__ci_last_regenerate|i:1765307883;_prev_url|s:31:\"https://www.s-mob.fr/cron/index\";'),('ffe7e276922af912e76138d93249b51771f51b92','109.234.165.144',1759761842,'__ci_last_regenerate|i:1759761842;'),('ffe80998595ab1510a7e323cac7980b6daee784b','109.234.165.144',1754446023,'__ci_last_regenerate|i:1754446023;_prev_url|s:31:\"https://www.s-mob.fr/cron/index\";'),('ffe8359e4d508d3896610d0c6d85fe2e2b84cbfa','109.234.165.144',1761299822,'__ci_last_regenerate|i:1761299822;_prev_url|s:31:\"https://www.s-mob.fr/cron/index\";'),('ffe83ce1d46eb3ac27cdd8881a23feb0ed3630ff','109.234.165.144',1740291722,'__ci_last_regenerate|i:1740291722;_prev_url|s:31:\"https://www.s-mob.fr/cron/index\";'),('ffe899f1c096a673599608531e22bf72e0046e01','109.234.165.144',1751152022,'__ci_last_regenerate|i:1751152022;_prev_url|s:31:\"https://www.s-mob.fr/cron/index\";'),('ffe89a939b08733db221c71922ffa4289e0f2391','109.234.165.144',1751139002,'__ci_last_regenerate|i:1751139002;_prev_url|s:31:\"https://www.s-mob.fr/cron/index\";'),('ffe89ccb1a99506fc0cdba1e20b9e0a98f5add84','109.234.165.144',1747351622,'__ci_last_regenerate|i:1747351622;_prev_url|s:31:\"https://www.s-mob.fr/cron/index\";'),('ffe8d0bdd6cb30a34e8e6b7c259f9e5d22853210','109.234.165.144',1767489783,'__ci_last_regenerate|i:1767489782;'),('ffe8d3225c76013df6a5e1cf3349a4fd7a83177e','109.234.165.144',1746939661,'__ci_last_regenerate|i:1746939661;_prev_url|s:31:\"https://www.s-mob.fr/cron/index\";'),('ffe8e4728a582450d0b8cef2252efd4500a9ccd9','109.234.165.144',1740631202,'__ci_last_regenerate|i:1740631202;_prev_url|s:31:\"https://www.s-mob.fr/cron/index\";'),('ffe90db07183ccad161e2ff601139b13ce224c5a','109.234.165.144',1762240922,'__ci_last_regenerate|i:1762240922;_prev_url|s:31:\"https://www.s-mob.fr/cron/index\";'),('ffe943a565ecd3ce8575e0b230ab66c0522953b7','109.234.165.144',1766917322,'__ci_last_regenerate|i:1766917322;_prev_url|s:31:\"https://www.s-mob.fr/cron/index\";'),('ffe945d40754a156eff4945d5bcb3fb28ed121bb','109.234.165.144',1749776943,'__ci_last_regenerate|i:1749776942;_prev_url|s:31:\"https://www.s-mob.fr/cron/index\";'),('ffe94d11badcdb5fd02ff96090ce57175dac9bc0','109.234.165.144',1763513882,'__ci_last_regenerate|i:1763513882;_prev_url|s:31:\"https://www.s-mob.fr/cron/index\";'),('ffe9e2c60440ae97db0909318184dfdfe2f1dfce','109.234.165.144',1754355902,'__ci_last_regenerate|i:1754355902;_prev_url|s:31:\"https://www.s-mob.fr/cron/index\";'),('ffe9e9ccf0552fa3eb15e2e03066951ff292fa8e','109.234.165.144',1751188142,'__ci_last_regenerate|i:1751188142;_prev_url|s:31:\"https://www.s-mob.fr/cron/index\";'),('ffe9f8a1a71ea96b90d5e0d516f83b44228ccde9','109.234.165.144',1767507662,'__ci_last_regenerate|i:1767507662;_prev_url|s:31:\"https://www.s-mob.fr/cron/index\";'),('ffea106059e5802a886d6c0477faf92d87ee4b55','109.234.165.144',1764691383,'__ci_last_regenerate|i:1764691383;_prev_url|s:31:\"https://www.s-mob.fr/cron/index\";'),('ffea12a9a6f58f06077b5cc6342df44dc14233be','109.234.165.144',1770293162,'__ci_last_regenerate|i:1770293162;_prev_url|s:31:\"https://www.s-mob.fr/cron/index\";'),('ffea2d2e27a99bdd2ea087f2a52bcef7ff5d8871','109.234.165.144',1744730161,'__ci_last_regenerate|i:1744730161;_prev_url|s:31:\"https://www.s-mob.fr/cron/index\";'),('ffea6e32234ff5befb435fdeabfac2454f352f4a','109.234.165.144',1755821942,'__ci_last_regenerate|i:1755821942;_prev_url|s:31:\"https://www.s-mob.fr/cron/index\";'),('ffeaa9ff9f360884f9d7a5a5fa833571993cfc97','109.234.165.144',1769185083,'__ci_last_regenerate|i:1769185083;_prev_url|s:31:\"https://www.s-mob.fr/cron/index\";'),('ffeacc91d4f90c9e228a28cfbd277b0745d16c9e','109.234.165.144',1746499742,'__ci_last_regenerate|i:1746499742;_prev_url|s:31:\"https://www.s-mob.fr/cron/index\";'),('ffead69b3260641026c17f8d5bf7abcc960f855a','109.234.165.144',1754373961,'__ci_last_regenerate|i:1754373961;_prev_url|s:31:\"https://www.s-mob.fr/cron/index\";'),('ffeb62bf15e999b316a1429206c78fcdc4cd9c74','109.234.165.144',1752441422,'__ci_last_regenerate|i:1752441422;_prev_url|s:31:\"https://www.s-mob.fr/cron/index\";'),('ffeb778e35c786939821d319c317d5ab46d12630','109.234.165.144',1759738683,'__ci_last_regenerate|i:1759738683;_prev_url|s:31:\"https://www.s-mob.fr/cron/index\";'),('ffeb7a71dd1758fbdb4663774867a04426c5d6fb','109.234.165.144',1765462922,'__ci_last_regenerate|i:1765462922;_prev_url|s:31:\"https://www.s-mob.fr/cron/index\";'),('ffeb8d250aa4b32f9b1b6e05a00605451730c52a','109.234.165.144',1756066023,'__ci_last_regenerate|i:1756066023;_prev_url|s:31:\"https://www.s-mob.fr/cron/index\";'),('ffebaf9152d4b41916dfb7fa044ad933dd7bcd9d','109.234.165.144',1762261623,'__ci_last_regenerate|i:1762261623;_prev_url|s:31:\"https://www.s-mob.fr/cron/index\";'),('ffebb3f9530e806ef4bbeef192c72a0fbd72e116','109.234.165.144',1744095902,'__ci_last_regenerate|i:1744095902;_prev_url|s:31:\"https://www.s-mob.fr/cron/index\";'),('ffebcb8bb7819de168941e5f7596ee89edd6a226','141.98.11.115',1750187733,'__ci_last_regenerate|i:1750187732;red_url|s:21:\"https://www.s-mob.fr/\";'),('ffebd3c4b5fa652c0f25ae729b2d734ed0139b04','109.234.165.144',1746213482,'__ci_last_regenerate|i:1746213482;_prev_url|s:31:\"https://www.s-mob.fr/cron/index\";'),('ffebe953d15982b3d30678f6e21f6dd8844034f8','109.234.165.144',1758514803,'__ci_last_regenerate|i:1758514803;_prev_url|s:31:\"https://www.s-mob.fr/cron/index\";'),('ffebf1819c6bdd5df2f1a47843567eedcf19eb23','109.234.165.144',1749956642,'__ci_last_regenerate|i:1749956642;_prev_url|s:31:\"https://www.s-mob.fr/cron/index\";'),('ffebfff7e84893142ec5ae3631aa9d72e9eed766','109.234.165.144',1768643943,'__ci_last_regenerate|i:1768643943;_prev_url|s:31:\"https://www.s-mob.fr/cron/index\";'),('ffec0898b42164f55d59ef5b1644e127f82b21a1','109.234.165.144',1765413602,'__ci_last_regenerate|i:1765413602;_prev_url|s:31:\"https://www.s-mob.fr/cron/index\";'),('ffec139aba3a093f18625da90de02a5697623b77','109.234.165.144',1762510982,'__ci_last_regenerate|i:1762510982;_prev_url|s:31:\"https://www.s-mob.fr/cron/index\";'),('ffec79f100c16c3c24838063bbb3130c02f5accc','109.234.165.144',1766083742,'__ci_last_regenerate|i:1766083742;_prev_url|s:31:\"https://www.s-mob.fr/cron/index\";'),('ffeca5abc704da7bd378e809fd05dfac0489134b','109.234.165.144',1757005562,'__ci_last_regenerate|i:1757005562;_prev_url|s:31:\"https://www.s-mob.fr/cron/index\";'),('ffecaa9af236cc983a002827df0fd0887e077f58','109.234.165.144',1755531182,'__ci_last_regenerate|i:1755531182;_prev_url|s:31:\"https://www.s-mob.fr/cron/index\";'),('ffece8348ab3d29a164c248fdc1ebb6236a511b1','109.234.165.144',1742979602,'__ci_last_regenerate|i:1742979602;_prev_url|s:31:\"https://www.s-mob.fr/cron/index\";'),('ffecea7847d9000dac53ca7ee1a462fd207b743b','109.234.165.144',1763044203,'__ci_last_regenerate|i:1763044203;_prev_url|s:31:\"https://www.s-mob.fr/cron/index\";'),('ffed22c00a9140e386e27ec4ca8647e11c2d851d','109.234.165.144',1763924942,'__ci_last_regenerate|i:1763924941;_prev_url|s:31:\"https://www.s-mob.fr/cron/index\";'),('ffed2a082989de2896c323ebd2c215968c85a858','109.234.165.144',1767807423,'__ci_last_regenerate|i:1767807423;'),('ffed99fd19165d39cce46db3a4c29ae23cabdfb9','109.234.165.144',1759438622,'__ci_last_regenerate|i:1759438622;'),('ffedcdf22fbee794b56388ff3b25a919e3da747c','109.234.165.144',1769837762,'__ci_last_regenerate|i:1769837762;_prev_url|s:31:\"https://www.s-mob.fr/cron/index\";'),('ffee05fa5b855dc2290c549f59d99434f29c904d','109.234.165.144',1766265903,'__ci_last_regenerate|i:1766265903;_prev_url|s:31:\"https://www.s-mob.fr/cron/index\";'),('ffee06556324173811152f98cb3de819f0014a0c','109.234.165.144',1752455402,'__ci_last_regenerate|i:1752455402;_prev_url|s:31:\"https://www.s-mob.fr/cron/index\";'),('ffee0d7bd7a7fae4c7c063b15b3c0ad2f27236ca','109.234.165.144',1753085103,'__ci_last_regenerate|i:1753085103;_prev_url|s:31:\"https://www.s-mob.fr/cron/index\";'),('ffee1fe7dd357152b2bf0dc0f134ec7176613f6f','192.71.12.112',1768780835,'__ci_last_regenerate|i:1768780835;is_mobile|b:1;red_url|s:21:\"https://www.s-mob.fr/\";'),('ffee2180dba639ab85cb0580c27d6d34c862dd39','109.234.165.144',1746113702,'__ci_last_regenerate|i:1746113702;_prev_url|s:31:\"https://www.s-mob.fr/cron/index\";'),('ffee2d7f0053843c5ccee7656707610abca89c2b','109.234.165.144',1758393183,'__ci_last_regenerate|i:1758393183;_prev_url|s:31:\"https://www.s-mob.fr/cron/index\";'),('ffee3a53dc15ef81da692f652c0986b18b036841','109.234.165.144',1753713482,'__ci_last_regenerate|i:1753713482;_prev_url|s:31:\"https://www.s-mob.fr/cron/index\";'),('ffee4ce081df45c2917251ba03cbfde32d3f7c63','109.234.165.144',1761779103,'__ci_last_regenerate|i:1761779103;_prev_url|s:31:\"https://www.s-mob.fr/cron/index\";'),('ffee5b5d22cb18cae0528bc36edaf0296d574e29','109.234.165.144',1745611502,'__ci_last_regenerate|i:1745611502;_prev_url|s:31:\"https://www.s-mob.fr/cron/index\";'),('ffee8506148d9ca219842917036f2d1792747269','109.234.165.144',1762407842,'__ci_last_regenerate|i:1762407842;_prev_url|s:31:\"https://www.s-mob.fr/cron/index\";'),('ffeeaa54d9ef21d0a9242edf4d1211c795e2bb9e','109.234.165.144',1740894182,'__ci_last_regenerate|i:1740894182;_prev_url|s:31:\"https://www.s-mob.fr/cron/index\";'),('ffeec927ed50a7c187ab788bbb318cc9f686a25b','109.234.165.144',1750716602,'__ci_last_regenerate|i:1750716602;_prev_url|s:31:\"https://www.s-mob.fr/cron/index\";'),('ffeee5a107d1cce3e34eccc6fb9622c0161bc1cc','109.234.165.144',1766902082,'__ci_last_regenerate|i:1766902082;_prev_url|s:31:\"https://www.s-mob.fr/cron/index\";'),('ffef00407ba7c3d99a6805802ebf6c376ad36998','109.234.165.144',1747322041,'__ci_last_regenerate|i:1747322041;_prev_url|s:31:\"https://www.s-mob.fr/cron/index\";'),('ffef0e00402c39cca702e18b5acaeef5ce219b7e','109.234.165.144',1756683962,'__ci_last_regenerate|i:1756683962;_prev_url|s:31:\"https://www.s-mob.fr/cron/index\";'),('ffef1f3079731a0ea4df70b522135d06cf28268b','109.234.165.144',1761687903,'__ci_last_regenerate|i:1761687903;'),('ffef2500a773d65b936fc57872ccd18b3701a4a6','109.234.165.144',1749123722,'__ci_last_regenerate|i:1749123722;_prev_url|s:31:\"https://www.s-mob.fr/cron/index\";'),('ffef48e3ba5bbc6a7e08c92466601a68e1e11d4a','109.234.165.144',1768788243,'__ci_last_regenerate|i:1768788243;'),('ffef52eb4ae6f042bc250489bfd1e68930e3282a','109.234.165.144',1755872703,'__ci_last_regenerate|i:1755872703;_prev_url|s:31:\"https://www.s-mob.fr/cron/index\";'),('ffef592557e91cad15973cfdda820b26e353fc6e','109.234.165.144',1771231982,'__ci_last_regenerate|i:1771231982;_prev_url|s:31:\"https://www.s-mob.fr/cron/index\";'),('ffef6b36362ec93b650d95a706182bd05452f408','109.234.165.144',1749427382,'__ci_last_regenerate|i:1749427381;_prev_url|s:31:\"https://www.s-mob.fr/cron/index\";'),('ffef6f865644223b3d47a7ce7db4128c6d0a7ceb','109.234.165.144',1759764303,'__ci_last_regenerate|i:1759764303;_prev_url|s:31:\"https://www.s-mob.fr/cron/index\";'),('ffef747f8daba2a366398b3c69cefe36451151aa','109.234.165.144',1760494442,'__ci_last_regenerate|i:1760494441;'),('fff02e2e4490cdf972b6973c4a676955bb5d6b1b','109.234.165.144',1759142822,'__ci_last_regenerate|i:1759142821;_prev_url|s:31:\"https://www.s-mob.fr/cron/index\";'),('fff048f820aa8a83f58a39e37e88943310217859','109.234.165.144',1743980102,'__ci_last_regenerate|i:1743980102;_prev_url|s:31:\"https://www.s-mob.fr/cron/index\";'),('fff051012b89cad5e3d7c1665a1bb3358944233f','109.234.165.144',1754896263,'__ci_last_regenerate|i:1754896262;_prev_url|s:31:\"https://www.s-mob.fr/cron/index\";'),('fff054d351bb07829291eaade2fb995b3160a461','109.234.165.144',1759086302,'__ci_last_regenerate|i:1759086302;_prev_url|s:31:\"https://www.s-mob.fr/cron/index\";'),('fff055a733071234ec7c6bf62e17a24e8b2f65bd','109.234.165.144',1769380323,'__ci_last_regenerate|i:1769380323;_prev_url|s:31:\"https://www.s-mob.fr/cron/index\";'),('fff05b0e852634259c998519bc836fb9bff34c20','109.234.165.144',1766386142,'__ci_last_regenerate|i:1766386142;'),('fff05ecf0d47828d036673082445ec2d66392fe1','109.234.165.144',1751524922,'__ci_last_regenerate|i:1751524922;_prev_url|s:31:\"https://www.s-mob.fr/cron/index\";'),('fff06fea8baaba6a150bccb11c449a57f56d59ba','109.234.165.144',1765997463,'__ci_last_regenerate|i:1765997463;_prev_url|s:31:\"https://www.s-mob.fr/cron/index\";'),('fff0812b892f92d54278680ed0d347394dfdac77','109.234.165.144',1764046503,'__ci_last_regenerate|i:1764046503;_prev_url|s:31:\"https://www.s-mob.fr/cron/index\";'),('fff083f992e14c4ffe54b82a710d837b9c95bcef','109.234.165.144',1765751582,'__ci_last_regenerate|i:1765751582;_prev_url|s:31:\"https://www.s-mob.fr/cron/index\";'),('fff0a5b1418b028b544056e5f53be70f17587c49','109.234.165.144',1759711803,'__ci_last_regenerate|i:1759711803;_prev_url|s:31:\"https://www.s-mob.fr/cron/index\";'),('fff0a9ce05440e71f63aa72425089627cf9fb963','109.234.165.144',1753554303,'__ci_last_regenerate|i:1753554302;_prev_url|s:31:\"https://www.s-mob.fr/cron/index\";'),('fff0ad48795b1ee3cb17491528c7e6e2228c9440','109.234.165.144',1768477442,'__ci_last_regenerate|i:1768477442;'),('fff0c2f947d290c81e6ec7a3515d3215a0784b8b','109.234.165.144',1749646922,'__ci_last_regenerate|i:1749646921;_prev_url|s:31:\"https://www.s-mob.fr/cron/index\";'),('fff0f3f0a0d2331c43c1b84b5aee87ec88b9e303','109.234.165.144',1765182483,'__ci_last_regenerate|i:1765182483;_prev_url|s:31:\"https://www.s-mob.fr/cron/index\";'),('fff0f932aa2264254dd5c6ebe4b78108005e8283','109.234.165.144',1766550423,'__ci_last_regenerate|i:1766550423;_prev_url|s:31:\"https://www.s-mob.fr/cron/index\";'),('fff1118dccd90f05f0be875d1be83022d839bcc9','109.234.165.144',1763761682,'__ci_last_regenerate|i:1763761682;_prev_url|s:31:\"https://www.s-mob.fr/cron/index\";'),('fff11fe9e4878817011c1895a0846c3688ccf222','109.234.165.144',1757168522,'__ci_last_regenerate|i:1757168522;_prev_url|s:31:\"https://www.s-mob.fr/cron/index\";'),('fff1604e9bbc3f90573ec0eac8296ef6ad0312e2','109.234.165.144',1747432622,'__ci_last_regenerate|i:1747432622;_prev_url|s:31:\"https://www.s-mob.fr/cron/index\";'),('fff1800a7a05ef3a63e49b032a72616c9325d34c','109.234.165.144',1741943102,'__ci_last_regenerate|i:1741943102;_prev_url|s:31:\"https://www.s-mob.fr/cron/index\";'),('fff189616dd6217da2290d803f42b27a70719c94','109.234.165.144',1744723322,'__ci_last_regenerate|i:1744723322;_prev_url|s:31:\"https://www.s-mob.fr/cron/index\";'),('fff1d1f983c9c01359ef5d5bb8b7a4ecd66f84dc','109.234.165.144',1769720103,'__ci_last_regenerate|i:1769720102;_prev_url|s:31:\"https://www.s-mob.fr/cron/index\";'),('fff1d4e4fa423da12b162974990c3a42c8e2fdd4','109.234.165.144',1752967622,'__ci_last_regenerate|i:1752967622;_prev_url|s:31:\"https://www.s-mob.fr/cron/index\";'),('fff1d50b53510203869af840d4ff2d1125e3546a','109.234.165.144',1746518042,'__ci_last_regenerate|i:1746518042;_prev_url|s:31:\"https://www.s-mob.fr/cron/index\";'),('fff1ddcfd629d8f9914d84152da1ddc628fee6b1','109.234.165.144',1740105301,'__ci_last_regenerate|i:1740105301;_prev_url|s:31:\"https://www.s-mob.fr/cron/index\";'),('fff1df496cb346a510feb89a6551769a3413828a','109.234.165.144',1758506222,'__ci_last_regenerate|i:1758506222;_prev_url|s:31:\"https://www.s-mob.fr/cron/index\";'),('fff2012e32968e5235e80019a55b72ac9726583b','109.234.165.144',1750792143,'__ci_last_regenerate|i:1750792143;_prev_url|s:31:\"https://www.s-mob.fr/cron/index\";'),('fff20f8f06d3f4c9cc80af4a9f9c14cb2785fc68','109.234.165.144',1743903902,'__ci_last_regenerate|i:1743903902;_prev_url|s:31:\"https://www.s-mob.fr/cron/index\";'),('fff216aa653aaeffa1e8367ef28c9ab3556f46fc','109.234.165.144',1770729543,'__ci_last_regenerate|i:1770729543;_prev_url|s:31:\"https://www.s-mob.fr/cron/index\";'),('fff247ba982b1cc26403187ce1fc669b03fa77d8','109.234.165.144',1743098402,'__ci_last_regenerate|i:1743098402;_prev_url|s:31:\"https://www.s-mob.fr/cron/index\";'),('fff2a3eca46c15ce967807b7641da0707ea58622','109.234.165.144',1768840743,'__ci_last_regenerate|i:1768840743;_prev_url|s:31:\"https://www.s-mob.fr/cron/index\";'),('fff2a87c8fa5f6ba47ceba72017818c307c84318','109.234.165.144',1749455522,'__ci_last_regenerate|i:1749455522;_prev_url|s:31:\"https://www.s-mob.fr/cron/index\";'),('fff2baf2f7af0a3345a3a79be5ad33bdd21dcec3','109.234.165.144',1742646122,'__ci_last_regenerate|i:1742646122;_prev_url|s:31:\"https://www.s-mob.fr/cron/index\";'),('fff2df0e05e255bdb490dfb027c7ef99225a9776','109.234.165.144',1747957262,'__ci_last_regenerate|i:1747957262;_prev_url|s:31:\"https://www.s-mob.fr/cron/index\";'),('fff2e45dfeefcd3c7b815495261303ac8d1d2330','109.234.165.144',1748342762,'__ci_last_regenerate|i:1748342762;_prev_url|s:31:\"https://www.s-mob.fr/cron/index\";'),('fff3105b0cd3c0f5117aeeac179d5fc6cd15706b','109.234.165.144',1760145602,'__ci_last_regenerate|i:1760145602;_prev_url|s:31:\"https://www.s-mob.fr/cron/index\";'),('fff329527b7758f550846dfdc2e934d771455be1','109.234.165.144',1758570545,'__ci_last_regenerate|i:1758570545;_prev_url|s:31:\"https://www.s-mob.fr/cron/index\";'),('fff363af3b8a3877a217e18c58ae9f9dd437201f','109.234.165.144',1761048903,'__ci_last_regenerate|i:1761048903;_prev_url|s:31:\"https://www.s-mob.fr/cron/index\";'),('fff39b193b1cd81b2eeb8eccd11a00ac1b9d448a','109.234.165.144',1743189662,'__ci_last_regenerate|i:1743189662;_prev_url|s:31:\"https://www.s-mob.fr/cron/index\";'),('fff3a76cabd9cf16b1ef9367a3f91ea056f149e2','109.234.165.144',1770749762,'__ci_last_regenerate|i:1770749762;_prev_url|s:31:\"https://www.s-mob.fr/cron/index\";'),('fff3c79795ad937641a777074fc7ee1017c959f3','109.234.165.144',1752529143,'__ci_last_regenerate|i:1752529143;_prev_url|s:31:\"https://www.s-mob.fr/cron/index\";'),('fff3ebe39964ce8868c9eefabfb04d2044a666c8','109.234.165.144',1766793302,'__ci_last_regenerate|i:1766793302;_prev_url|s:31:\"https://www.s-mob.fr/cron/index\";'),('fff3f48522584794cacd172b2b48eeb6a68ec29a','109.234.165.144',1744395542,'__ci_last_regenerate|i:1744395542;_prev_url|s:31:\"https://www.s-mob.fr/cron/index\";'),('fff402eb86375ff4dfd1fef75fcccabf89d73ed7','109.234.165.144',1757706301,'__ci_last_regenerate|i:1757706301;_prev_url|s:31:\"https://www.s-mob.fr/cron/index\";'),('fff40fcf5eafdd7b3e0c7ff1db073f23dc0b93a5','109.234.165.144',1757698922,'__ci_last_regenerate|i:1757698922;_prev_url|s:31:\"https://www.s-mob.fr/cron/index\";'),('fff41ee34acf0467e67f216b77eab88a9f7f131c','109.234.165.144',1743840302,'__ci_last_regenerate|i:1743840302;_prev_url|s:31:\"https://www.s-mob.fr/cron/index\";'),('fff42fa8aed3da56b7adf4f0a8fbcbcab111166a','109.234.165.144',1743234062,'__ci_last_regenerate|i:1743234062;_prev_url|s:31:\"https://www.s-mob.fr/cron/index\";'),('fff4321e3dd5a3100a252e32b25846a826f10fd5','109.234.165.144',1751998682,'__ci_last_regenerate|i:1751998682;_prev_url|s:31:\"https://www.s-mob.fr/cron/index\";'),('fff4373db65379cc21537212af03d97b41cb8256','109.234.165.144',1740430382,'__ci_last_regenerate|i:1740430382;_prev_url|s:31:\"https://www.s-mob.fr/cron/index\";'),('fff47d03facfe16fc68b420d4f3c027a4a8b0aa4','109.234.165.144',1744921922,'__ci_last_regenerate|i:1744921922;_prev_url|s:31:\"https://www.s-mob.fr/cron/index\";'),('fff4b1307129bb18ef7dab0a9be0ff1d9add38d0','109.234.165.144',1751190842,'__ci_last_regenerate|i:1751190842;_prev_url|s:31:\"https://www.s-mob.fr/cron/index\";'),('fff50ab1a59532d87d7c66ad8e1fa39e426f99f3','109.234.165.144',1761517622,'__ci_last_regenerate|i:1761517622;_prev_url|s:31:\"https://www.s-mob.fr/cron/index\";'),('fff5220cedcf3e98ebce70845dd38059fc00720b','109.234.165.144',1767359282,'__ci_last_regenerate|i:1767359282;_prev_url|s:31:\"https://www.s-mob.fr/cron/index\";'),('fff5422d60815800bfee12125a37169728404c4d','109.234.165.144',1765239542,'__ci_last_regenerate|i:1765239542;_prev_url|s:31:\"https://www.s-mob.fr/cron/index\";'),('fff549f573334bc32af4994acecb86d75b15827a','109.234.165.144',1759225743,'__ci_last_regenerate|i:1759225743;_prev_url|s:31:\"https://www.s-mob.fr/cron/index\";'),('fff56e53f519fd44db7fffd3e0dd0ff7ee1335d2','109.234.165.144',1749573902,'__ci_last_regenerate|i:1749573902;_prev_url|s:31:\"https://www.s-mob.fr/cron/index\";'),('fff582691ba7f413b76847716140b0231937e2f8','109.234.165.144',1752757081,'__ci_last_regenerate|i:1752757081;_prev_url|s:31:\"https://www.s-mob.fr/cron/index\";'),('fff58acc1f44bc7c9e315f2dc36d517399831995','109.234.165.144',1745601602,'__ci_last_regenerate|i:1745601602;_prev_url|s:31:\"https://www.s-mob.fr/cron/index\";'),('fff5999f8a62b9393c6e399afa470cd74a5384cf','109.234.165.144',1761384542,'__ci_last_regenerate|i:1761384542;_prev_url|s:31:\"https://www.s-mob.fr/cron/index\";'),('fff5c1e302c72d44f84e2541740304c3bf32cf86','109.234.165.144',1743257101,'__ci_last_regenerate|i:1743257101;_prev_url|s:31:\"https://www.s-mob.fr/cron/index\";'),('fff5c54cc013de1e78b411f10ec22a9d8f8b0336','109.234.165.144',1758656343,'__ci_last_regenerate|i:1758656343;_prev_url|s:31:\"https://www.s-mob.fr/cron/index\";'),('fff60efcb53bdba6ed0bba5d73a1103e93f54d6d','109.234.165.144',1760545142,'__ci_last_regenerate|i:1760545142;_prev_url|s:31:\"https://www.s-mob.fr/cron/index\";'),('fff6386344b9f1ed04e102f0d516b16d5a037ff6','109.234.165.144',1744291022,'__ci_last_regenerate|i:1744291022;_prev_url|s:31:\"https://www.s-mob.fr/cron/index\";'),('fff641cf282934f0fd069443a4e2d206e64dd70d','109.234.165.144',1742332801,'__ci_last_regenerate|i:1742332801;_prev_url|s:31:\"https://www.s-mob.fr/cron/index\";'),('fff6456e438dac42a1b8fae23e528e798f911957','109.234.165.144',1754151002,'__ci_last_regenerate|i:1754151002;_prev_url|s:31:\"https://www.s-mob.fr/cron/index\";'),('fff66509b7da57a43b8900e73d91b7a5262c8122','192.71.142.146',1771840335,'__ci_last_regenerate|i:1771840335;is_mobile|b:1;_prev_url|s:41:\"https://www.s-mob.fr/authentication/login\";'),('fff682faea8cca982b757183505a319306e8af2b','109.234.165.144',1754209622,'__ci_last_regenerate|i:1754209622;_prev_url|s:31:\"https://www.s-mob.fr/cron/index\";'),('fff6dadf042bd9be380c6b4c97e7ab203c39b914','109.234.165.144',1761720423,'__ci_last_regenerate|i:1761720423;_prev_url|s:31:\"https://www.s-mob.fr/cron/index\";'),('fff6ed2c47f169d5e40de819afa599c973e0578f','109.234.165.144',1757285522,'__ci_last_regenerate|i:1757285522;_prev_url|s:31:\"https://www.s-mob.fr/cron/index\";'),('fff708220cac2610e4aea725fb3221c79c03fbba','109.234.165.144',1768220942,'__ci_last_regenerate|i:1768220942;_prev_url|s:31:\"https://www.s-mob.fr/cron/index\";'),('fff72933c59aec062d3dc270d898e1c118984fe4','109.234.165.144',1756196402,'__ci_last_regenerate|i:1756196402;_prev_url|s:31:\"https://www.s-mob.fr/cron/index\";'),('fff7387451ce1f6a2f49e5ddddeacc840e91fcb1','109.234.165.144',1747203782,'__ci_last_regenerate|i:1747203782;_prev_url|s:31:\"https://www.s-mob.fr/cron/index\";'),('fff73bda2a924d0a6e3650dacf286b2b206ea16d','109.234.165.144',1756457764,'__ci_last_regenerate|i:1756457762;'),('fff7431e200b8854c1a82f1a4f93d477fb75f856','109.234.165.144',1741960382,'__ci_last_regenerate|i:1741960382;_prev_url|s:31:\"https://www.s-mob.fr/cron/index\";'),('fff75b0d491ff1f9ad40a025c646cad9f490ac25','109.234.165.144',1765662482,'__ci_last_regenerate|i:1765662482;'),('fff7aed40b44a312647957d59e41c896363de935','109.234.165.144',1761198662,'__ci_last_regenerate|i:1761198662;_prev_url|s:31:\"https://www.s-mob.fr/cron/index\";'),('fff7aff41225290b6bf68e9a422962b2bab012e2','109.234.165.144',1756438142,'__ci_last_regenerate|i:1756438142;_prev_url|s:31:\"https://www.s-mob.fr/cron/index\";'),('fff7b50dd09b4a317c111d8b717d287b62ea7a67','109.234.165.144',1758316202,'__ci_last_regenerate|i:1758316202;_prev_url|s:31:\"https://www.s-mob.fr/cron/index\";'),('fff7f17e4ebfc7e097dbe356f1e513d9673f7642','109.234.165.144',1769573042,'__ci_last_regenerate|i:1769573042;_prev_url|s:31:\"https://www.s-mob.fr/cron/index\";'),('fff82e97bcf2d95a707ed840d7e2e1000fe9ef85','109.234.165.144',1749968583,'__ci_last_regenerate|i:1749968583;_prev_url|s:31:\"https://www.s-mob.fr/cron/index\";'),('fff83b6e1d05ca57661f2cc4e6274155fc7b98f7','109.234.165.144',1765705923,'__ci_last_regenerate|i:1765705923;_prev_url|s:31:\"https://www.s-mob.fr/cron/index\";'),('fff844e678e457e798d7ff9d3cb9cd0243e2de8a','109.234.165.144',1754596383,'__ci_last_regenerate|i:1754596383;_prev_url|s:31:\"https://www.s-mob.fr/cron/index\";'),('fff849a4aacbd7eb87a673344dda38428554bbbf','109.234.165.144',1766536923,'__ci_last_regenerate|i:1766536923;'),('fff84c25739cb9cc70c7aa75eba2ebab826b630a','109.234.165.144',1749199262,'__ci_last_regenerate|i:1749199262;_prev_url|s:31:\"https://www.s-mob.fr/cron/index\";'),('fff8681edfa1c82df9d9b403391749b790cf36da','109.234.165.144',1769386502,'__ci_last_regenerate|i:1769386501;_prev_url|s:31:\"https://www.s-mob.fr/cron/index\";'),('fff892b792538540a9bc6f7e069de5625340d26d','109.234.165.144',1758119762,'__ci_last_regenerate|i:1758119762;_prev_url|s:31:\"https://www.s-mob.fr/cron/index\";'),('fff8dff9caefeafc33a91792c3ed3322df482082','109.234.165.144',1760617142,'__ci_last_regenerate|i:1760617142;_prev_url|s:31:\"https://www.s-mob.fr/cron/index\";'),('fff925c7531192bd4e500638668b12634856e489','109.234.165.144',1741451822,'__ci_last_regenerate|i:1741451822;_prev_url|s:31:\"https://www.s-mob.fr/cron/index\";'),('fff92ec1063bcafe06122f9f7302f66120e25cf0','109.234.165.144',1762973042,'__ci_last_regenerate|i:1762973042;_prev_url|s:31:\"https://www.s-mob.fr/cron/index\";'),('fff9332b536ec3a897b2dd2d85d227dd5662e8f0','109.234.165.144',1764037023,'__ci_last_regenerate|i:1764037023;_prev_url|s:31:\"https://www.s-mob.fr/cron/index\";'),('fff944e76e495fcd279a9c2f8a6d6b580763d966','109.234.165.144',1767309121,'__ci_last_regenerate|i:1767309121;_prev_url|s:31:\"https://www.s-mob.fr/cron/index\";'),('fff96b783397120341199e8d54882c3b479d2e03','109.234.165.144',1761586382,'__ci_last_regenerate|i:1761586382;_prev_url|s:31:\"https://www.s-mob.fr/cron/index\";'),('fff982b86142d4de1f2afb9c4cdb4c308eb65a7d','98.82.39.241',1749058663,'__ci_last_regenerate|i:1749058663;_prev_url|s:41:\"https://www.s-mob.fr/authentication/login\";'),('fff9905c086375b5ef3652b620854c920e778422','109.234.165.144',1767916022,'__ci_last_regenerate|i:1767916022;'),('fff9c8de0c991dcf9cb4da999ab7f5f72ce4a4f7','109.234.165.144',1747389722,'__ci_last_regenerate|i:1747389722;_prev_url|s:31:\"https://www.s-mob.fr/cron/index\";'),('fff9e41ecd08e22cdcf20172f4f46636af33ae03','109.234.165.144',1749036362,'__ci_last_regenerate|i:1749036362;_prev_url|s:31:\"https://www.s-mob.fr/cron/index\";'),('fffa47cd07cdbe1d23d11b2bf07e508ffd7cceee','109.234.165.144',1762321083,'__ci_last_regenerate|i:1762321082;_prev_url|s:31:\"https://www.s-mob.fr/cron/index\";'),('fffa7554669aadbeb2f0be616a5aa9636999aa15','109.234.165.144',1770529682,'__ci_last_regenerate|i:1770529682;_prev_url|s:31:\"https://www.s-mob.fr/cron/index\";'),('fffa9077758d22b192150792a8c26d0e1ebbc6dc','109.234.165.144',1749512281,'__ci_last_regenerate|i:1749512281;_prev_url|s:31:\"https://www.s-mob.fr/cron/index\";'),('fffadf6f4da6d09464d28d9b9b0091eec4053bf2','109.234.165.144',1744892162,'__ci_last_regenerate|i:1744892162;_prev_url|s:31:\"https://www.s-mob.fr/cron/index\";'),('fffafc7ead3b914dd3b549d3bb76dd92c11a95fe','109.234.165.144',1745683022,'__ci_last_regenerate|i:1745683022;_prev_url|s:31:\"https://www.s-mob.fr/cron/index\";'),('fffb0dd91e4ae006889806390d43f1dab0150d55','109.234.165.144',1761246003,'__ci_last_regenerate|i:1761246003;_prev_url|s:31:\"https://www.s-mob.fr/cron/index\";'),('fffb13f4781c01e0b9f00fc3b12f759cc02ca531','109.234.165.144',1763821023,'__ci_last_regenerate|i:1763821023;_prev_url|s:31:\"https://www.s-mob.fr/cron/index\";'),('fffb6474ab0123a12d9832f86b5476254491fa3e','109.234.165.144',1740414183,'__ci_last_regenerate|i:1740414183;_prev_url|s:31:\"https://www.s-mob.fr/cron/index\";'),('fffb6a88557e061648516c6a2a15b92772708b89','109.234.165.144',1756715223,'__ci_last_regenerate|i:1756715223;_prev_url|s:31:\"https://www.s-mob.fr/cron/index\";'),('fffb89e4d50a76bc45308161a80369ccab3cbcc0','109.234.165.144',1741507682,'__ci_last_regenerate|i:1741507682;_prev_url|s:31:\"https://www.s-mob.fr/cron/index\";'),('fffbaceba2bfbee00d5f92c21802b5a644a9e17f','109.234.165.144',1742335742,'__ci_last_regenerate|i:1742335742;_prev_url|s:31:\"https://www.s-mob.fr/cron/index\";'),('fffbc83d6d304b24ff20551f4e692022b955cf7e','109.234.165.144',1743625743,'__ci_last_regenerate|i:1743625743;_prev_url|s:31:\"https://www.s-mob.fr/cron/index\";'),('fffbd06c8cbd429506c677d56059b284a9d023d3','109.234.165.144',1741950902,'__ci_last_regenerate|i:1741950902;_prev_url|s:31:\"https://www.s-mob.fr/cron/index\";'),('fffbd41e32f2786a0644cbaa6a07fa7223b1aee6','109.234.165.144',1769664842,'__ci_last_regenerate|i:1769664842;_prev_url|s:31:\"https://www.s-mob.fr/cron/index\";'),('fffc06f0ad163910221c8fcd52e161f0184b79a9','109.234.165.144',1766867403,'__ci_last_regenerate|i:1766867403;'),('fffc4eaaab42f624a1319baed614638048a828dd','109.234.165.144',1750060202,'__ci_last_regenerate|i:1750060202;_prev_url|s:31:\"https://www.s-mob.fr/cron/index\";'),('fffc5b30906566315b5f42cf622e81fb8e8edbbe','109.234.165.144',1767214382,'__ci_last_regenerate|i:1767214382;_prev_url|s:31:\"https://www.s-mob.fr/cron/index\";'),('fffc622a7f2c412a07e059d0b3b98d6953394f6d','109.234.165.144',1746951182,'__ci_last_regenerate|i:1746951182;_prev_url|s:31:\"https://www.s-mob.fr/cron/index\";'),('fffc66456e50b0d1ece149e1f5ea5cb0c3782c3e','109.234.165.144',1762456142,'__ci_last_regenerate|i:1762456142;_prev_url|s:31:\"https://www.s-mob.fr/cron/index\";'),('fffc8c7c9417a93b4a4ebbfea91e89bc9cc45c87','109.234.165.144',1756912742,'__ci_last_regenerate|i:1756912742;_prev_url|s:31:\"https://www.s-mob.fr/cron/index\";'),('fffcb35911182605b850c38bf7b0f211859a0381','109.234.165.144',1763401443,'__ci_last_regenerate|i:1763401443;_prev_url|s:31:\"https://www.s-mob.fr/cron/index\";'),('fffcba3ab902883045bfb7d7799e5378d0adc70d','109.234.165.144',1766171283,'__ci_last_regenerate|i:1766171283;'),('fffcc11a3e030baf004ad87067e74db895bdd879','109.234.165.144',1766993583,'__ci_last_regenerate|i:1766993582;_prev_url|s:31:\"https://www.s-mob.fr/cron/index\";'),('fffcc7fda572bd29d4284ebbec8aa1ac0f63fecc','109.234.165.144',1760014023,'__ci_last_regenerate|i:1760014023;_prev_url|s:31:\"https://www.s-mob.fr/cron/index\";'),('fffcf3bcdc5db32e01514af0fdc2598adc63aa25','109.234.165.144',1758013023,'__ci_last_regenerate|i:1758013023;_prev_url|s:31:\"https://www.s-mob.fr/cron/index\";'),('fffd0456a2706dbef24fe3f41a58e26ce0be47a0','109.234.165.144',1770030062,'__ci_last_regenerate|i:1770030062;_prev_url|s:31:\"https://www.s-mob.fr/cron/index\";'),('fffd1e57c0e76a4b71442b26aebaa6f2b3809ffc','109.234.165.144',1753096322,'__ci_last_regenerate|i:1753096322;_prev_url|s:31:\"https://www.s-mob.fr/cron/index\";'),('fffd470eb3ae360ad155e25a6bc7e61bd1b591c1','109.234.165.144',1744362902,'__ci_last_regenerate|i:1744362902;_prev_url|s:31:\"https://www.s-mob.fr/cron/index\";'),('fffd48ae7ebd5699df20ba1a79ee95576490a887','109.234.165.144',1748472902,'__ci_last_regenerate|i:1748472902;_prev_url|s:31:\"https://www.s-mob.fr/cron/index\";'),('fffd6a53c54a5f9c5ce4efb49c238c1e7f658ba4','109.234.165.144',1770477962,'__ci_last_regenerate|i:1770477962;_prev_url|s:31:\"https://www.s-mob.fr/cron/index\";'),('fffd776f61059996e003003d013dc8a761acd033','109.234.165.144',1755762663,'__ci_last_regenerate|i:1755762663;_prev_url|s:31:\"https://www.s-mob.fr/cron/index\";'),('fffd7ad027a5d18510cca5d6f79b450ed00537d5','109.234.165.144',1757577482,'__ci_last_regenerate|i:1757577482;_prev_url|s:31:\"https://www.s-mob.fr/cron/index\";'),('fffd7c5b7b9bcbeca6b5e99c2c5e120e6e585079','109.234.165.144',1750789022,'__ci_last_regenerate|i:1750789022;_prev_url|s:31:\"https://www.s-mob.fr/cron/index\";'),('fffd80a04f706619f68116b84a47b8ceae4a854b','109.234.165.144',1756977902,'__ci_last_regenerate|i:1756977902;_prev_url|s:31:\"https://www.s-mob.fr/cron/index\";'),('fffd86150b63d3c007e39fe7486a867eb5e8c6fe','109.234.165.144',1740680462,'__ci_last_regenerate|i:1740680462;_prev_url|s:31:\"https://www.s-mob.fr/cron/index\";'),('fffdefc6df2417513c9e3743bbba746c2081acbf','109.234.165.144',1770851943,'__ci_last_regenerate|i:1770851943;_prev_url|s:31:\"https://www.s-mob.fr/cron/index\";'),('fffe0af5146b1d58f63111dc9e58ccd28b210281','109.234.165.144',1749602462,'__ci_last_regenerate|i:1749602461;_prev_url|s:31:\"https://www.s-mob.fr/cron/index\";'),('fffe0ee5c3ce8f7db60b02981224031fffc55628','109.234.165.144',1743751682,'__ci_last_regenerate|i:1743751682;_prev_url|s:31:\"https://www.s-mob.fr/cron/index\";'),('fffe12c8b42c1c408f9676b6cd896e1722251694','109.234.165.144',1765603684,'__ci_last_regenerate|i:1765603684;_prev_url|s:31:\"https://www.s-mob.fr/cron/index\";'),('fffe2b16126369c922e5b9135abf5f8ac13a1b6f','109.234.165.144',1758477182,'__ci_last_regenerate|i:1758477182;_prev_url|s:31:\"https://www.s-mob.fr/cron/index\";'),('fffe419d266faca033247e7a8ebc3226be12e413','109.234.165.144',1746775623,'__ci_last_regenerate|i:1746775623;_prev_url|s:31:\"https://www.s-mob.fr/cron/index\";'),('fffe4849ad638701d913a98c4831de10a75dbe06','109.234.165.144',1758547322,'__ci_last_regenerate|i:1758547322;_prev_url|s:31:\"https://www.s-mob.fr/cron/index\";'),('fffe4ef0d9cebfc2d6b49586412eedb0e8d50497','109.234.165.144',1759689302,'__ci_last_regenerate|i:1759689302;_prev_url|s:31:\"https://www.s-mob.fr/cron/index\";'),('fffe839177a27162c7313ff62cdd0497c998256f','109.234.165.144',1759051143,'__ci_last_regenerate|i:1759051143;_prev_url|s:31:\"https://www.s-mob.fr/cron/index\";'),('fffea73936935ce8c4299439140895f111bff635','109.234.165.144',1764436863,'__ci_last_regenerate|i:1764436863;_prev_url|s:31:\"https://www.s-mob.fr/cron/index\";'),('fffedd37f0f63ac4954b5cdb722d43ee0e5dcd9b','109.234.165.144',1761858003,'__ci_last_regenerate|i:1761858003;_prev_url|s:31:\"https://www.s-mob.fr/cron/index\";'),('ffff0570f2c6dd074a47ea63f69ae35e802a78d8','109.234.165.144',1764184923,'__ci_last_regenerate|i:1764184923;_prev_url|s:31:\"https://www.s-mob.fr/cron/index\";'),('ffff0bb85f28c1561d0589fa5a19cc392c11781f','109.234.165.144',1769858343,'__ci_last_regenerate|i:1769858343;'),('ffff175a9d3f689c0fa5947448801327c5ed25fc','109.234.165.144',1746702423,'__ci_last_regenerate|i:1746702423;_prev_url|s:31:\"https://www.s-mob.fr/cron/index\";'),('ffff5a8157bfe5490c8ee6849e37bb8d73afda20','109.234.165.144',1761018542,'__ci_last_regenerate|i:1761018542;_prev_url|s:31:\"https://www.s-mob.fr/cron/index\";'),('ffff967edbcb668d98a5edd602aaa9576ce6830c','109.234.165.144',1749553742,'__ci_last_regenerate|i:1749553742;_prev_url|s:31:\"https://www.s-mob.fr/cron/index\";'),('ffff9e9691cf67dad8f85a6743abe738073fc34b','109.234.165.144',1769491683,'__ci_last_regenerate|i:1769491683;_prev_url|s:31:\"https://www.s-mob.fr/cron/index\";'),('ffffaead93b399748004fb793998e8a5c6f507a3','109.234.165.144',1763177043,'__ci_last_regenerate|i:1763177043;_prev_url|s:31:\"https://www.s-mob.fr/cron/index\";'),('ffffb244786999ae27ec1e93e27523e81e56f5f1','109.234.165.144',1763475423,'__ci_last_regenerate|i:1763475423;'),('ffffee4f7076c8f0a3f4b34cc2a7baba855d1e88','109.234.165.144',1748998982,'__ci_last_regenerate|i:1748998982;_prev_url|s:31:\"https://www.s-mob.fr/cron/index\";');

--
-- Table structure for table `tblshared_customer_files`
--

CREATE TABLE `tblshared_customer_files` (
  `file_id` int NOT NULL,
  `contact_id` int NOT NULL
) ENGINE=InnoDB DEFAULT CHARSET=utf8mb4 COLLATE=utf8mb4_unicode_ci;

--
-- Dumping data for table `tblshared_customer_files`
--


--
-- Table structure for table `tblsm_sp_backups`
--

CREATE TABLE `tblsm_sp_backups` (
  `id` int NOT NULL AUTO_INCREMENT,
  `type` varchar(20) NOT NULL,
  `status` varchar(20) NOT NULL DEFAULT 'pending',
  `sp_folder` varchar(255) DEFAULT NULL,
  `sp_item_id` varchar(255) DEFAULT NULL,
  `size_bytes` bigint DEFAULT '0',
  `hash` varchar(128) DEFAULT NULL,
  `message` text,
  `started_at` datetime DEFAULT NULL,
  `finished_at` datetime DEFAULT NULL,
  PRIMARY KEY (`id`),
  KEY `type` (`type`),
  KEY `status` (`status`),
  KEY `started_at` (`started_at`)
) ENGINE=InnoDB DEFAULT CHARSET=utf8mb4 COLLATE=utf8mb4_0900_ai_ci;

--
-- Dumping data for table `tblsm_sp_backups`
--


--
-- Table structure for table `tblsm_sp_file_map`
--

CREATE TABLE `tblsm_sp_file_map` (
  `id` int NOT NULL AUTO_INCREMENT,
  `source` varchar(20) NOT NULL,
  `local_table` varchar(64) NOT NULL,
  `local_id` int NOT NULL,
  `rel_id` int DEFAULT NULL,
  `local_hash` varchar(128) DEFAULT NULL,
  `size_bytes` bigint DEFAULT '0',
  `sp_drive_id` varchar(255) DEFAULT NULL,
  `sp_item_id` varchar(255) DEFAULT NULL,
  `sp_etag` varchar(255) DEFAULT NULL,
  `last_pushed_hash` varchar(128) DEFAULT NULL,
  `status` varchar(20) NOT NULL DEFAULT 'pending',
  `last_synced` datetime DEFAULT NULL,
  `sp_meta` mediumtext,
  PRIMARY KEY (`id`),
  UNIQUE KEY `local_unique` (`local_table`,`local_id`),
  KEY `status` (`status`)
) ENGINE=InnoDB AUTO_INCREMENT=1947 DEFAULT CHARSET=utf8mb4 COLLATE=utf8mb4_0900_ai_ci;

--
-- Dumping data for table `tblsm_sp_file_map`
--

INSERT INTO `tblsm_sp_file_map` VALUES (1,'team','client',1,1,NULL,0,'b!y2mWoDWZE0ixedRWFQhQS4WPHRYNnb9GrbFDBq34b-1TIDlb-5OsRp-er_ww5PNw','ad58a960-484c-4112-9a41-93348b008d3c','19',NULL,'synced','2026-06-19 15:20:45','{\"teamId\":\"ad58a960-484c-4112-9a41-93348b008d3c\",\"groupId\":\"ad58a960-484c-4112-9a41-93348b008d3c\",\"driveId\":\"b!y2mWoDWZE0ixedRWFQhQS4WPHRYNnb9GrbFDBq34b-1TIDlb-5OsRp-er_ww5PNw\",\"genChannelId\":\"19:8G7QWJumtyv1AmiahFIxaMFJ9q7CKa59pJM4jOdRWlg1@thread.tacv2\",\"genFolderId\":\"0147IPHJF64YEFG3MUW5BKHJGRGQE3IEMM\",\"docsClientId\":\"0147IPHJBBZRJOFZVPONHZ37AB5VZVKOJQ\",\"archiveId\":\"0147IPHJDRE6TWZPRXA5AKKZPJC2E26GDS\",\"owner\":\"set\"}'),(4,'team','client',2,2,NULL,0,'b!Sg44OA0HK0W5dEzV9n1YkIWPHRYNnb9GrbFDBq34b-1TIDlb-5OsRp-er_ww5PNw','e551c807-e8be-420d-937d-a70f4d684e28','19',NULL,'synced','2026-06-19 15:20:45','{\"teamId\":\"e551c807-e8be-420d-937d-a70f4d684e28\",\"groupId\":\"e551c807-e8be-420d-937d-a70f4d684e28\",\"owner\":\"set\",\"driveId\":\"b!Sg44OA0HK0W5dEzV9n1YkIWPHRYNnb9GrbFDBq34b-1TIDlb-5OsRp-er_ww5PNw\",\"genChannelId\":\"19:f0tVIwkgXoDH-4P8uwr22ysJoSy8QQC1mAn0krWMZuM1@thread.tacv2\",\"genFolderId\":\"01GTJVLK4SXDODIKU57ND3J5ZTQGZJORBV\",\"docsClientId\":\"01GTJVLKZU4CGD7CFHWFGZ442M275G63XE\",\"archiveId\":\"01GTJVLK4LIHYXGH5B65FJM4VYDWVPTLWV\"}'),(113,'project','project',1,1,NULL,0,'b!y2mWoDWZE0ixedRWFQhQS4WPHRYNnb9GrbFDBq34b-1TIDlb-5OsRp-er_ww5PNw','19:e28db716ca94411d9b02ce28c2a59f52@thread.tacv2',NULL,NULL,'synced','2026-06-19 15:20:45','{\"channelId\":\"19:e28db716ca94411d9b02ce28c2a59f52@thread.tacv2\",\"teamId\":\"ad58a960-484c-4112-9a41-93348b008d3c\",\"driveId\":\"b!y2mWoDWZE0ixedRWFQhQS4WPHRYNnb9GrbFDBq34b-1TIDlb-5OsRp-er_ww5PNw\",\"folderId\":\"0147IPHJDQG4MLSQETAZCYCXCDIRRNISQB\",\"docsClientId\":\"0147IPHJHKBGWA72PFXNF2XGF7DJQAURLD\",\"archiveId\":\"0147IPHJCFJTH2BG4EEZDL3VDLOQTPEJUF\"}'),(742,'project','project',2,1,NULL,0,'b!y2mWoDWZE0ixedRWFQhQS4WPHRYNnb9GrbFDBq34b-1TIDlb-5OsRp-er_ww5PNw','19:5c011d1a118948288cbb00432ded18a4@thread.tacv2',NULL,NULL,'synced','2026-06-19 15:20:45','{\"channelId\":\"19:5c011d1a118948288cbb00432ded18a4@thread.tacv2\",\"teamId\":\"ad58a960-484c-4112-9a41-93348b008d3c\",\"driveId\":\"b!y2mWoDWZE0ixedRWFQhQS4WPHRYNnb9GrbFDBq34b-1TIDlb-5OsRp-er_ww5PNw\",\"folderId\":\"0147IPHJA3SGMKO2HEA5F2KP53EKHUK4FK\",\"docsClientId\":\"0147IPHJDDSV7UAJ7ATVC3Z5TZZCYHAWEA\",\"archiveId\":\"0147IPHJGSQAFKN2LUVFB3SNGMN5B7STGF\"}');

--
-- Table structure for table `tblspam_filters`
--

CREATE TABLE `tblspam_filters` (
  `id` int NOT NULL AUTO_INCREMENT,
  `type` varchar(40) CHARACTER SET utf8mb4 COLLATE utf8mb4_unicode_ci NOT NULL,
  `rel_type` varchar(10) CHARACTER SET utf8mb4 COLLATE utf8mb4_unicode_ci NOT NULL,
  `value` mediumtext CHARACTER SET utf8mb4 COLLATE utf8mb4_unicode_ci NOT NULL,
  PRIMARY KEY (`id`)
) ENGINE=InnoDB DEFAULT CHARSET=utf8mb4 COLLATE=utf8mb4_unicode_ci;

--
-- Dumping data for table `tblspam_filters`
--


--
-- Table structure for table `tblstaff`
--

CREATE TABLE `tblstaff` (
  `staffid` int NOT NULL AUTO_INCREMENT,
  `email` varchar(100) CHARACTER SET utf8mb4 COLLATE utf8mb4_unicode_ci NOT NULL,
  `firstname` varchar(50) CHARACTER SET utf8mb4 COLLATE utf8mb4_unicode_ci NOT NULL,
  `lastname` varchar(50) CHARACTER SET utf8mb4 COLLATE utf8mb4_unicode_ci NOT NULL,
  `facebook` longtext CHARACTER SET utf8mb4 COLLATE utf8mb4_unicode_ci,
  `linkedin` longtext CHARACTER SET utf8mb4 COLLATE utf8mb4_unicode_ci,
  `phonenumber` varchar(30) CHARACTER SET utf8mb4 COLLATE utf8mb4_unicode_ci DEFAULT NULL,
  `skype` varchar(50) CHARACTER SET utf8mb4 COLLATE utf8mb4_unicode_ci DEFAULT NULL,
  `password` varchar(250) CHARACTER SET utf8mb4 COLLATE utf8mb4_unicode_ci NOT NULL,
  `datecreated` datetime NOT NULL,
  `profile_image` varchar(191) CHARACTER SET utf8mb4 COLLATE utf8mb4_unicode_ci DEFAULT NULL,
  `last_ip` varchar(40) CHARACTER SET utf8mb4 COLLATE utf8mb4_unicode_ci DEFAULT NULL,
  `last_login` datetime DEFAULT NULL,
  `last_activity` datetime DEFAULT NULL,
  `last_password_change` datetime DEFAULT NULL,
  `new_pass_key` varchar(32) CHARACTER SET utf8mb4 COLLATE utf8mb4_unicode_ci DEFAULT NULL,
  `new_pass_key_requested` datetime DEFAULT NULL,
  `admin` int NOT NULL DEFAULT '0',
  `role` int DEFAULT NULL,
  `active` int NOT NULL DEFAULT '1',
  `default_language` varchar(40) CHARACTER SET utf8mb4 COLLATE utf8mb4_unicode_ci DEFAULT NULL,
  `direction` varchar(3) CHARACTER SET utf8mb4 COLLATE utf8mb4_unicode_ci DEFAULT NULL,
  `media_path_slug` varchar(191) CHARACTER SET utf8mb4 COLLATE utf8mb4_unicode_ci DEFAULT NULL,
  `is_not_staff` int NOT NULL DEFAULT '0',
  `hourly_rate` decimal(15,2) NOT NULL DEFAULT '0.00',
  `two_factor_auth_enabled` tinyint(1) DEFAULT '0',
  `two_factor_auth_code` varchar(100) CHARACTER SET utf8mb4 COLLATE utf8mb4_unicode_ci DEFAULT NULL,
  `two_factor_auth_code_requested` datetime DEFAULT NULL,
  `email_signature` mediumtext CHARACTER SET utf8mb4 COLLATE utf8mb4_unicode_ci,
  `google_auth_secret` mediumtext CHARACTER SET utf8mb4 COLLATE utf8mb4_unicode_ci,
  `mail_password` varchar(250) COLLATE utf8mb4_unicode_ci DEFAULT NULL,
  `mail_signature` varchar(250) COLLATE utf8mb4_unicode_ci DEFAULT NULL,
  `last_email_check` varchar(50) COLLATE utf8mb4_unicode_ci DEFAULT NULL,
  PRIMARY KEY (`staffid`),
  KEY `firstname` (`firstname`),
  KEY `lastname` (`lastname`)
) ENGINE=InnoDB AUTO_INCREMENT=6 DEFAULT CHARSET=utf8mb4 COLLATE=utf8mb4_unicode_ci;

--
-- Dumping data for table `tblstaff`
--

INSERT INTO `tblstaff` VALUES (1,'mikel.barthelemy@symbiose-mobilite.com','Mikel','Barthelemy','','','','','$2a$08$8WXIsArIoDlDZ3sYw0SdY.0uC76gTtIfBHc76zk3jbcBPPFLOV2a.','2025-02-18 02:16:26',NULL,'2a0a:e805:614:6a00::','2025-02-27 16:49:27','2025-02-27 16:51:26','2025-02-27 16:49:17',NULL,NULL,1,0,1,NULL,'',NULL,0,0.00,0,NULL,NULL,'',NULL,'Mikel-jess4','',NULL),(2,'loic@goaper.fr','Loïc','Goaper','','','0651131487','','$2a$08$Rvx5/bXZiXLacKQ1geyBm.yPHaR/m5HQf14KrUSMbZAuNTmtO/Z5q','2025-02-18 02:19:19',NULL,'192.226.143.176','2026-06-19 15:09:31','2026-06-19 15:11:40',NULL,NULL,NULL,1,4,1,'','ltr','loic-goaper',0,0.00,0,NULL,NULL,'',NULL,NULL,NULL,NULL),(3,'marion.vincent@symbiose-mobilite.com','Marion','Vincent','','','07 62 86 16 27','','$2a$08$i2ByrrHVi0vU97QbFuFKpuIem5gI7HzY6LJRtrT3ooQ4GktFP91di','2025-02-20 22:44:21',NULL,'2a01:cb05:8c48:6000:d533:ed20:727:a6c6','2025-03-13 15:08:15','2025-03-13 15:08:16','2025-02-27 16:48:47',NULL,NULL,0,3,0,NULL,'','marion-vincent',0,0.00,0,NULL,NULL,'Marion Vincent<br />\r\nResponsable recrutement<br />\r\n<br />\r\nMail : marion.vincent@symbiose-mobilite.com<br />\r\nTél : 07 62 86 16 27<br />\r\nwww.symbiose-mobilite.com',NULL,NULL,NULL,NULL),(4,'elidion.keta@symbiose-mobilite.com','Elidion','Keta','','','07 63 91 49 78','','$2a$08$6ErhxRttKY0X99zxC5XzuO0oT.w/iC94NUI8UHy6/7BiuurOI3kDC','2025-02-20 22:46:38',NULL,'2001:861:8c88:c9f0:35f4:1b15:5dcb:ebd3','2025-04-15 11:18:52','2025-04-15 11:19:02','2025-02-27 16:50:27',NULL,NULL,0,2,0,NULL,'','elidion-keta',0,0.00,0,NULL,NULL,'Elidion Keta<br />\r\nMobilité et Immigration<br />\r\n<br />\r\nmail : elidion.keta@symbiose-mobilite.com<br />\r\ntél : 07 63 91 49 78<br />\r\nwww.symbiose-mobilite.com',NULL,NULL,NULL,NULL),(5,'gaelle.dabrin@symbiose-mobilite.com','Gaelle','Dabrin','','','07 64 13 66 21','','$2a$08$LDaw48EWrHfHSP23HindjeVqBfgrfFfKgLlA6AkLg3cv43yCKUeyK','2026-06-03 13:52:22',NULL,'2a0a:e805:613:6f00::','2026-06-18 09:19:34','2026-06-18 09:20:00',NULL,NULL,NULL,0,1,1,NULL,'','gaelle-dabrin',0,0.00,0,NULL,NULL,'Gaelle Dabrin<br />\r\nConseillère - Symbiose Mobilite',NULL,NULL,NULL,NULL);

--
-- Table structure for table `tblstaff_departments`
--

CREATE TABLE `tblstaff_departments` (
  `staffdepartmentid` int NOT NULL AUTO_INCREMENT,
  `staffid` int NOT NULL,
  `departmentid` int NOT NULL,
  PRIMARY KEY (`staffdepartmentid`)
) ENGINE=InnoDB AUTO_INCREMENT=9 DEFAULT CHARSET=utf8mb4 COLLATE=utf8mb4_unicode_ci;

--
-- Dumping data for table `tblstaff_departments`
--

INSERT INTO `tblstaff_departments` VALUES (4,3,2),(7,4,1),(8,5,1);

--
-- Table structure for table `tblstaff_permissions`
--

CREATE TABLE `tblstaff_permissions` (
  `staff_id` int NOT NULL,
  `feature` varchar(40) CHARACTER SET utf8mb4 COLLATE utf8mb4_unicode_ci NOT NULL,
  `capability` varchar(100) CHARACTER SET utf8mb4 COLLATE utf8mb4_unicode_ci NOT NULL
) ENGINE=InnoDB DEFAULT CHARSET=utf8mb4 COLLATE=utf8mb4_unicode_ci;

--
-- Dumping data for table `tblstaff_permissions`
--

INSERT INTO `tblstaff_permissions` VALUES (3,'customers','view'),(3,'customers','create'),(3,'customers','edit'),(3,'estimates','view'),(3,'estimates','create'),(3,'estimates','edit'),(3,'expenses','view'),(3,'expenses','create'),(3,'expenses','edit'),(3,'expenses','delete'),(3,'invoices','view'),(3,'invoices','create'),(3,'invoices','edit'),(3,'invoices','delete'),(3,'payments','view'),(3,'payments','create'),(3,'payments','edit'),(3,'proposals','view'),(3,'proposals','create'),(3,'proposals','edit'),(3,'proposals','delete'),(3,'reports','view'),(3,'staff','view'),(3,'staff','create'),(3,'staff','edit'),(3,'staff','delete'),(3,'tasks','view'),(3,'tasks','create'),(3,'tasks','edit'),(3,'leads','view'),(4,'contracts','view'),(4,'contracts','create'),(4,'contracts','edit'),(4,'customers','view'),(4,'customers','create'),(4,'customers','edit'),(4,'estimates','view'),(4,'estimates','create'),(4,'estimates','edit'),(4,'tasks','view'),(4,'tasks','create'),(4,'tasks','edit'),(4,'leads','view');

--
-- Table structure for table `tblsubscriptions`
--

CREATE TABLE `tblsubscriptions` (
  `id` int NOT NULL AUTO_INCREMENT,
  `name` varchar(191) CHARACTER SET utf8mb4 COLLATE utf8mb4_unicode_ci NOT NULL,
  `description` mediumtext CHARACTER SET utf8mb4 COLLATE utf8mb4_unicode_ci,
  `description_in_item` tinyint(1) NOT NULL DEFAULT '0',
  `clientid` int NOT NULL,
  `date` date DEFAULT NULL,
  `terms` mediumtext CHARACTER SET utf8mb4 COLLATE utf8mb4_unicode_ci,
  `currency` int NOT NULL,
  `tax_id` int NOT NULL DEFAULT '0',
  `stripe_tax_id` varchar(50) CHARACTER SET utf8mb4 COLLATE utf8mb4_unicode_ci DEFAULT NULL,
  `tax_id_2` int NOT NULL DEFAULT '0',
  `stripe_tax_id_2` varchar(50) CHARACTER SET utf8mb4 COLLATE utf8mb4_unicode_ci DEFAULT NULL,
  `stripe_plan_id` mediumtext CHARACTER SET utf8mb4 COLLATE utf8mb4_unicode_ci,
  `stripe_subscription_id` mediumtext CHARACTER SET utf8mb4 COLLATE utf8mb4_unicode_ci NOT NULL,
  `next_billing_cycle` bigint DEFAULT NULL,
  `ends_at` bigint DEFAULT NULL,
  `status` varchar(50) CHARACTER SET utf8mb4 COLLATE utf8mb4_unicode_ci DEFAULT NULL,
  `quantity` int NOT NULL DEFAULT '1',
  `project_id` int NOT NULL DEFAULT '0',
  `hash` varchar(32) CHARACTER SET utf8mb4 COLLATE utf8mb4_unicode_ci NOT NULL,
  `created` datetime NOT NULL,
  `created_from` int NOT NULL,
  `date_subscribed` datetime DEFAULT NULL,
  `in_test_environment` int DEFAULT NULL,
  `last_sent_at` datetime DEFAULT NULL,
  PRIMARY KEY (`id`),
  KEY `clientid` (`clientid`),
  KEY `currency` (`currency`),
  KEY `tax_id` (`tax_id`)
) ENGINE=InnoDB DEFAULT CHARSET=utf8mb4 COLLATE=utf8mb4_unicode_ci;

--
-- Dumping data for table `tblsubscriptions`
--


--
-- Table structure for table `tblsurveyresultsets`
--

CREATE TABLE `tblsurveyresultsets` (
  `resultsetid` int NOT NULL AUTO_INCREMENT,
  `surveyid` int NOT NULL,
  `ip` varchar(40) NOT NULL,
  `useragent` varchar(150) NOT NULL,
  `date` datetime NOT NULL,
  PRIMARY KEY (`resultsetid`)
) ENGINE=InnoDB DEFAULT CHARSET=utf8mb4 COLLATE=utf8mb4_0900_ai_ci;

--
-- Dumping data for table `tblsurveyresultsets`
--


--
-- Table structure for table `tblsurveys`
--

CREATE TABLE `tblsurveys` (
  `surveyid` int NOT NULL AUTO_INCREMENT,
  `subject` mediumtext NOT NULL,
  `slug` mediumtext NOT NULL,
  `description` text NOT NULL,
  `viewdescription` text,
  `datecreated` datetime NOT NULL,
  `redirect_url` varchar(100) DEFAULT NULL,
  `send` tinyint(1) NOT NULL DEFAULT '0',
  `onlyforloggedin` int DEFAULT '0',
  `fromname` varchar(100) DEFAULT NULL,
  `iprestrict` tinyint(1) NOT NULL,
  `active` tinyint(1) NOT NULL DEFAULT '1',
  `hash` varchar(32) NOT NULL,
  PRIMARY KEY (`surveyid`)
) ENGINE=InnoDB DEFAULT CHARSET=utf8mb4 COLLATE=utf8mb4_0900_ai_ci;

--
-- Dumping data for table `tblsurveys`
--


--
-- Table structure for table `tblsurveysemailsendcron`
--

CREATE TABLE `tblsurveysemailsendcron` (
  `id` int NOT NULL AUTO_INCREMENT,
  `surveyid` int NOT NULL,
  `email` varchar(100) NOT NULL,
  `emailid` int DEFAULT NULL,
  `listid` varchar(11) DEFAULT NULL,
  `log_id` int NOT NULL,
  PRIMARY KEY (`id`)
) ENGINE=InnoDB DEFAULT CHARSET=utf8mb4 COLLATE=utf8mb4_0900_ai_ci;

--
-- Dumping data for table `tblsurveysemailsendcron`
--


--
-- Table structure for table `tblsurveysendlog`
--

CREATE TABLE `tblsurveysendlog` (
  `id` int NOT NULL AUTO_INCREMENT,
  `surveyid` int NOT NULL,
  `total` int NOT NULL,
  `date` datetime NOT NULL,
  `iscronfinished` int NOT NULL DEFAULT '0',
  `send_to_mail_lists` text,
  PRIMARY KEY (`id`)
) ENGINE=InnoDB DEFAULT CHARSET=utf8mb4 COLLATE=utf8mb4_0900_ai_ci;

--
-- Dumping data for table `tblsurveysendlog`
--


--
-- Table structure for table `tbltaggables`
--

CREATE TABLE `tbltaggables` (
  `rel_id` int NOT NULL,
  `rel_type` varchar(20) CHARACTER SET utf8mb4 COLLATE utf8mb4_unicode_ci NOT NULL,
  `tag_id` int NOT NULL,
  `tag_order` int NOT NULL DEFAULT '0',
  KEY `rel_id` (`rel_id`),
  KEY `rel_type` (`rel_type`),
  KEY `tag_id` (`tag_id`)
) ENGINE=InnoDB DEFAULT CHARSET=utf8mb4 COLLATE=utf8mb4_unicode_ci;

--
-- Dumping data for table `tbltaggables`
--


--
-- Table structure for table `tbltags`
--

CREATE TABLE `tbltags` (
  `id` int NOT NULL AUTO_INCREMENT,
  `name` varchar(100) CHARACTER SET utf8mb4 COLLATE utf8mb4_unicode_ci NOT NULL,
  PRIMARY KEY (`id`),
  KEY `name` (`name`)
) ENGINE=InnoDB DEFAULT CHARSET=utf8mb4 COLLATE=utf8mb4_unicode_ci;

--
-- Dumping data for table `tbltags`
--


--
-- Table structure for table `tbltask_assigned`
--

CREATE TABLE `tbltask_assigned` (
  `id` int NOT NULL AUTO_INCREMENT,
  `staffid` int NOT NULL,
  `taskid` int NOT NULL,
  `assigned_from` int NOT NULL DEFAULT '0',
  `is_assigned_from_contact` tinyint(1) NOT NULL DEFAULT '0',
  PRIMARY KEY (`id`),
  KEY `taskid` (`taskid`),
  KEY `staffid` (`staffid`)
) ENGINE=InnoDB AUTO_INCREMENT=2 DEFAULT CHARSET=utf8mb4 COLLATE=utf8mb4_unicode_ci;

--
-- Dumping data for table `tbltask_assigned`
--


--
-- Table structure for table `tbltask_checklist_items`
--

CREATE TABLE `tbltask_checklist_items` (
  `id` int NOT NULL AUTO_INCREMENT,
  `taskid` int NOT NULL,
  `description` mediumtext CHARACTER SET utf8mb4 COLLATE utf8mb4_unicode_ci NOT NULL,
  `finished` int NOT NULL DEFAULT '0',
  `dateadded` datetime NOT NULL,
  `addedfrom` int NOT NULL,
  `finished_from` int DEFAULT '0',
  `list_order` int NOT NULL DEFAULT '0',
  `assigned` int DEFAULT NULL,
  PRIMARY KEY (`id`),
  KEY `taskid` (`taskid`)
) ENGINE=InnoDB DEFAULT CHARSET=utf8mb4 COLLATE=utf8mb4_unicode_ci;

--
-- Dumping data for table `tbltask_checklist_items`
--


--
-- Table structure for table `tbltask_comments`
--

CREATE TABLE `tbltask_comments` (
  `id` int NOT NULL AUTO_INCREMENT,
  `content` mediumtext CHARACTER SET utf8mb4 COLLATE utf8mb4_unicode_ci NOT NULL,
  `taskid` int NOT NULL,
  `staffid` int NOT NULL,
  `contact_id` int NOT NULL DEFAULT '0',
  `file_id` int NOT NULL DEFAULT '0',
  `dateadded` datetime NOT NULL,
  PRIMARY KEY (`id`),
  KEY `file_id` (`file_id`),
  KEY `taskid` (`taskid`)
) ENGINE=InnoDB DEFAULT CHARSET=utf8mb4 COLLATE=utf8mb4_unicode_ci;

--
-- Dumping data for table `tbltask_comments`
--


--
-- Table structure for table `tbltask_followers`
--

CREATE TABLE `tbltask_followers` (
  `id` int NOT NULL AUTO_INCREMENT,
  `staffid` int NOT NULL,
  `taskid` int NOT NULL,
  PRIMARY KEY (`id`)
) ENGINE=InnoDB DEFAULT CHARSET=utf8mb4 COLLATE=utf8mb4_unicode_ci;

--
-- Dumping data for table `tbltask_followers`
--


--
-- Table structure for table `tbltasks`
--

CREATE TABLE `tbltasks` (
  `id` int NOT NULL AUTO_INCREMENT,
  `name` longtext CHARACTER SET utf8mb4 COLLATE utf8mb4_unicode_ci,
  `description` mediumtext CHARACTER SET utf8mb4 COLLATE utf8mb4_unicode_ci,
  `priority` int DEFAULT NULL,
  `dateadded` datetime NOT NULL,
  `startdate` date NOT NULL,
  `duedate` date DEFAULT NULL,
  `datefinished` datetime DEFAULT NULL,
  `addedfrom` int NOT NULL,
  `is_added_from_contact` tinyint(1) NOT NULL DEFAULT '0',
  `status` int NOT NULL DEFAULT '0',
  `recurring_type` varchar(10) CHARACTER SET utf8mb4 COLLATE utf8mb4_unicode_ci DEFAULT NULL,
  `repeat_every` int DEFAULT NULL,
  `recurring` int NOT NULL DEFAULT '0',
  `is_recurring_from` int DEFAULT NULL,
  `cycles` int NOT NULL DEFAULT '0',
  `total_cycles` int NOT NULL DEFAULT '0',
  `custom_recurring` tinyint(1) NOT NULL DEFAULT '0',
  `last_recurring_date` date DEFAULT NULL,
  `rel_id` int DEFAULT NULL,
  `rel_type` varchar(30) CHARACTER SET utf8mb4 COLLATE utf8mb4_unicode_ci DEFAULT NULL,
  `is_public` tinyint(1) NOT NULL DEFAULT '0',
  `billable` tinyint(1) NOT NULL DEFAULT '0',
  `billed` tinyint(1) NOT NULL DEFAULT '0',
  `invoice_id` int NOT NULL DEFAULT '0',
  `hourly_rate` decimal(15,2) NOT NULL DEFAULT '0.00',
  `milestone` int DEFAULT '0',
  `kanban_order` int DEFAULT '1',
  `milestone_order` int NOT NULL DEFAULT '0',
  `visible_to_client` tinyint(1) NOT NULL DEFAULT '0',
  `deadline_notified` int NOT NULL DEFAULT '0',
  PRIMARY KEY (`id`),
  KEY `rel_id` (`rel_id`),
  KEY `rel_type` (`rel_type`),
  KEY `milestone` (`milestone`),
  KEY `kanban_order` (`kanban_order`),
  KEY `status` (`status`)
) ENGINE=InnoDB AUTO_INCREMENT=5 DEFAULT CHARSET=utf8mb4 COLLATE=utf8mb4_unicode_ci;

--
-- Dumping data for table `tbltasks`
--

INSERT INTO `tbltasks` VALUES (2,'Préparer l\'étude de mobilité','',3,'2026-06-18 19:20:13','2026-06-18','2026-06-25',NULL,1,0,4,NULL,NULL,0,NULL,0,0,0,NULL,1,'project',1,0,0,0,0.00,0,1,0,1,0),(3,'Relancer le client pour les justificatifs','',2,'2026-06-18 19:20:13','2026-06-18','2026-06-21',NULL,1,0,1,NULL,NULL,0,NULL,0,0,0,NULL,1,'project',1,0,0,0,0.00,0,1,0,1,0),(4,'Valider le plan d\'aménagement','',2,'2026-06-18 19:20:13','2026-06-18','2026-07-02',NULL,1,0,1,NULL,NULL,0,NULL,0,0,0,NULL,1,'project',1,0,0,0,0.00,0,1,0,1,0);

--
-- Table structure for table `tbltasks_checklist_templates`
--

CREATE TABLE `tbltasks_checklist_templates` (
  `id` int NOT NULL AUTO_INCREMENT,
  `description` mediumtext CHARACTER SET utf8mb4 COLLATE utf8mb4_unicode_ci,
  PRIMARY KEY (`id`)
) ENGINE=InnoDB DEFAULT CHARSET=utf8mb4 COLLATE=utf8mb4_unicode_ci;

--
-- Dumping data for table `tbltasks_checklist_templates`
--


--
-- Table structure for table `tbltaskstimers`
--

CREATE TABLE `tbltaskstimers` (
  `id` int NOT NULL AUTO_INCREMENT,
  `task_id` int NOT NULL,
  `start_time` varchar(64) CHARACTER SET utf8mb4 COLLATE utf8mb4_unicode_ci NOT NULL,
  `end_time` varchar(64) CHARACTER SET utf8mb4 COLLATE utf8mb4_unicode_ci DEFAULT NULL,
  `staff_id` int NOT NULL,
  `hourly_rate` decimal(15,2) NOT NULL DEFAULT '0.00',
  `note` mediumtext CHARACTER SET utf8mb4 COLLATE utf8mb4_unicode_ci,
  PRIMARY KEY (`id`),
  KEY `task_id` (`task_id`),
  KEY `staff_id` (`staff_id`)
) ENGINE=InnoDB DEFAULT CHARSET=utf8mb4 COLLATE=utf8mb4_unicode_ci;

--
-- Dumping data for table `tbltaskstimers`
--


--
-- Table structure for table `tbltaxes`
--

CREATE TABLE `tbltaxes` (
  `id` int NOT NULL AUTO_INCREMENT,
  `name` varchar(100) CHARACTER SET utf8mb4 COLLATE utf8mb4_unicode_ci NOT NULL,
  `taxrate` decimal(15,2) NOT NULL,
  PRIMARY KEY (`id`)
) ENGINE=InnoDB AUTO_INCREMENT=2 DEFAULT CHARSET=utf8mb4 COLLATE=utf8mb4_unicode_ci;

--
-- Dumping data for table `tbltaxes`
--

INSERT INTO `tbltaxes` VALUES (1,'TVA 20',20.00);

--
-- Table structure for table `tbltemplates`
--

CREATE TABLE `tbltemplates` (
  `id` int unsigned NOT NULL AUTO_INCREMENT,
  `name` varchar(255) CHARACTER SET utf8mb4 COLLATE utf8mb4_unicode_ci NOT NULL,
  `type` varchar(100) CHARACTER SET utf8mb4 COLLATE utf8mb4_unicode_ci NOT NULL,
  `addedfrom` int NOT NULL,
  `content` longtext CHARACTER SET utf8mb4 COLLATE utf8mb4_unicode_ci,
  PRIMARY KEY (`id`)
) ENGINE=InnoDB DEFAULT CHARSET=utf8mb4 COLLATE=utf8mb4_unicode_ci;

--
-- Dumping data for table `tbltemplates`
--


--
-- Table structure for table `tblticket_attachments`
--

CREATE TABLE `tblticket_attachments` (
  `id` int NOT NULL AUTO_INCREMENT,
  `ticketid` int NOT NULL,
  `replyid` int DEFAULT NULL,
  `file_name` varchar(191) CHARACTER SET utf8mb4 COLLATE utf8mb4_unicode_ci NOT NULL,
  `filetype` varchar(50) CHARACTER SET utf8mb4 COLLATE utf8mb4_unicode_ci DEFAULT NULL,
  `dateadded` datetime NOT NULL,
  PRIMARY KEY (`id`)
) ENGINE=InnoDB DEFAULT CHARSET=utf8mb4 COLLATE=utf8mb4_unicode_ci;

--
-- Dumping data for table `tblticket_attachments`
--


--
-- Table structure for table `tblticket_replies`
--

CREATE TABLE `tblticket_replies` (
  `id` int NOT NULL AUTO_INCREMENT,
  `ticketid` int NOT NULL,
  `userid` int DEFAULT NULL,
  `contactid` int NOT NULL DEFAULT '0',
  `name` mediumtext CHARACTER SET utf8mb4 COLLATE utf8mb4_unicode_ci,
  `email` mediumtext CHARACTER SET utf8mb4 COLLATE utf8mb4_unicode_ci,
  `date` datetime NOT NULL,
  `message` mediumtext CHARACTER SET utf8mb4 COLLATE utf8mb4_unicode_ci,
  `attachment` int DEFAULT NULL,
  `admin` int DEFAULT NULL,
  PRIMARY KEY (`id`)
) ENGINE=InnoDB DEFAULT CHARSET=utf8mb4 COLLATE=utf8mb4_unicode_ci;

--
-- Dumping data for table `tblticket_replies`
--


--
-- Table structure for table `tbltickets`
--

CREATE TABLE `tbltickets` (
  `ticketid` int NOT NULL AUTO_INCREMENT,
  `adminreplying` int NOT NULL DEFAULT '0',
  `userid` int NOT NULL,
  `contactid` int NOT NULL DEFAULT '0',
  `merged_ticket_id` int DEFAULT NULL,
  `email` mediumtext CHARACTER SET utf8mb4 COLLATE utf8mb4_unicode_ci,
  `name` mediumtext CHARACTER SET utf8mb4 COLLATE utf8mb4_unicode_ci,
  `department` int NOT NULL,
  `priority` int NOT NULL,
  `status` int NOT NULL,
  `service` int DEFAULT NULL,
  `ticketkey` varchar(32) CHARACTER SET utf8mb4 COLLATE utf8mb4_unicode_ci NOT NULL,
  `subject` varchar(191) CHARACTER SET utf8mb4 COLLATE utf8mb4_unicode_ci NOT NULL,
  `message` mediumtext CHARACTER SET utf8mb4 COLLATE utf8mb4_unicode_ci,
  `admin` int DEFAULT NULL,
  `date` datetime NOT NULL,
  `project_id` int NOT NULL DEFAULT '0',
  `lastreply` datetime DEFAULT NULL,
  `clientread` int NOT NULL DEFAULT '0',
  `adminread` int NOT NULL DEFAULT '0',
  `assigned` int NOT NULL DEFAULT '0',
  `staff_id_replying` int DEFAULT NULL,
  `cc` varchar(191) CHARACTER SET utf8mb4 COLLATE utf8mb4_unicode_ci DEFAULT NULL,
  PRIMARY KEY (`ticketid`),
  KEY `service` (`service`),
  KEY `department` (`department`),
  KEY `status` (`status`),
  KEY `userid` (`userid`),
  KEY `priority` (`priority`),
  KEY `project_id` (`project_id`),
  KEY `contactid` (`contactid`)
) ENGINE=InnoDB DEFAULT CHARSET=utf8mb4 COLLATE=utf8mb4_unicode_ci;

--
-- Dumping data for table `tbltickets`
--


--
-- Table structure for table `tbltickets_pipe_log`
--

CREATE TABLE `tbltickets_pipe_log` (
  `id` int NOT NULL AUTO_INCREMENT,
  `date` datetime NOT NULL,
  `email_to` varchar(100) CHARACTER SET utf8mb4 COLLATE utf8mb4_unicode_ci NOT NULL,
  `name` varchar(191) CHARACTER SET utf8mb4 COLLATE utf8mb4_unicode_ci NOT NULL,
  `subject` varchar(191) CHARACTER SET utf8mb4 COLLATE utf8mb4_unicode_ci NOT NULL,
  `message` longtext CHARACTER SET utf8mb4 COLLATE utf8mb4_unicode_ci NOT NULL,
  `email` varchar(100) CHARACTER SET utf8mb4 COLLATE utf8mb4_unicode_ci NOT NULL,
  `status` varchar(100) CHARACTER SET utf8mb4 COLLATE utf8mb4_unicode_ci NOT NULL,
  PRIMARY KEY (`id`)
) ENGINE=InnoDB DEFAULT CHARSET=utf8mb4 COLLATE=utf8mb4_unicode_ci;

--
-- Dumping data for table `tbltickets_pipe_log`
--


--
-- Table structure for table `tbltickets_predefined_replies`
--

CREATE TABLE `tbltickets_predefined_replies` (
  `id` int NOT NULL AUTO_INCREMENT,
  `name` varchar(191) CHARACTER SET utf8mb4 COLLATE utf8mb4_unicode_ci NOT NULL,
  `message` mediumtext CHARACTER SET utf8mb4 COLLATE utf8mb4_unicode_ci NOT NULL,
  PRIMARY KEY (`id`)
) ENGINE=InnoDB DEFAULT CHARSET=utf8mb4 COLLATE=utf8mb4_unicode_ci;

--
-- Dumping data for table `tbltickets_predefined_replies`
--


--
-- Table structure for table `tbltickets_priorities`
--

CREATE TABLE `tbltickets_priorities` (
  `priorityid` int NOT NULL AUTO_INCREMENT,
  `name` varchar(50) CHARACTER SET utf8mb4 COLLATE utf8mb4_unicode_ci NOT NULL,
  PRIMARY KEY (`priorityid`)
) ENGINE=InnoDB AUTO_INCREMENT=4 DEFAULT CHARSET=utf8mb4 COLLATE=utf8mb4_unicode_ci;

--
-- Dumping data for table `tbltickets_priorities`
--

INSERT INTO `tbltickets_priorities` VALUES (1,'Basse'),(2,'Moyen'),(3,'Haut');

--
-- Table structure for table `tbltickets_status`
--

CREATE TABLE `tbltickets_status` (
  `ticketstatusid` int NOT NULL AUTO_INCREMENT,
  `name` varchar(50) CHARACTER SET utf8mb4 COLLATE utf8mb4_unicode_ci NOT NULL,
  `isdefault` int NOT NULL DEFAULT '0',
  `statuscolor` varchar(7) CHARACTER SET utf8mb4 COLLATE utf8mb4_unicode_ci DEFAULT NULL,
  `statusorder` int DEFAULT NULL,
  PRIMARY KEY (`ticketstatusid`)
) ENGINE=InnoDB AUTO_INCREMENT=6 DEFAULT CHARSET=utf8mb4 COLLATE=utf8mb4_unicode_ci;

--
-- Dumping data for table `tbltickets_status`
--

INSERT INTO `tbltickets_status` VALUES (1,'Ouvert',1,'#ff2d42',1),(2,'En cours',1,'#22c55e',2),(3,'Répondu',1,'#2563eb',3),(4,'En attente',1,'#64748b',4),(5,'Fermée',1,'#03a9f4',5);

--
-- Table structure for table `tbltodos`
--

CREATE TABLE `tbltodos` (
  `todoid` int NOT NULL AUTO_INCREMENT,
  `description` mediumtext CHARACTER SET utf8mb4 COLLATE utf8mb4_unicode_ci NOT NULL,
  `staffid` int NOT NULL,
  `dateadded` datetime NOT NULL,
  `finished` tinyint(1) NOT NULL,
  `datefinished` datetime DEFAULT NULL,
  `item_order` int DEFAULT NULL,
  PRIMARY KEY (`todoid`)
) ENGINE=InnoDB DEFAULT CHARSET=utf8mb4 COLLATE=utf8mb4_unicode_ci;

--
-- Dumping data for table `tbltodos`
--


--
-- Table structure for table `tbltracked_mails`
--

CREATE TABLE `tbltracked_mails` (
  `id` int NOT NULL AUTO_INCREMENT,
  `uid` varchar(32) CHARACTER SET utf8mb4 COLLATE utf8mb4_unicode_ci NOT NULL,
  `rel_id` int NOT NULL,
  `rel_type` varchar(40) CHARACTER SET utf8mb4 COLLATE utf8mb4_unicode_ci NOT NULL,
  `date` datetime NOT NULL,
  `email` varchar(100) CHARACTER SET utf8mb4 COLLATE utf8mb4_unicode_ci NOT NULL,
  `opened` tinyint(1) NOT NULL DEFAULT '0',
  `date_opened` datetime DEFAULT NULL,
  `subject` longtext CHARACTER SET utf8mb4 COLLATE utf8mb4_unicode_ci,
  PRIMARY KEY (`id`)
) ENGINE=InnoDB DEFAULT CHARSET=utf8mb4 COLLATE=utf8mb4_unicode_ci;

--
-- Dumping data for table `tbltracked_mails`
--


--
-- Table structure for table `tbltwocheckout_log`
--

CREATE TABLE `tbltwocheckout_log` (
  `id` int unsigned NOT NULL AUTO_INCREMENT,
  `reference` varchar(64) CHARACTER SET utf8mb4 COLLATE utf8mb4_unicode_ci NOT NULL,
  `invoice_id` int NOT NULL,
  `amount` varchar(25) CHARACTER SET utf8mb4 COLLATE utf8mb4_unicode_ci NOT NULL,
  `created_at` datetime NOT NULL,
  `attempt_reference` varchar(100) CHARACTER SET utf8mb4 COLLATE utf8mb4_unicode_ci DEFAULT NULL,
  PRIMARY KEY (`id`),
  KEY `invoice_id` (`invoice_id`),
  CONSTRAINT `tbltwocheckout_log_ibfk_1` FOREIGN KEY (`invoice_id`) REFERENCES `tblinvoices` (`id`) ON DELETE CASCADE
) ENGINE=InnoDB DEFAULT CHARSET=utf8mb4 COLLATE=utf8mb4_unicode_ci;

--
-- Dumping data for table `tbltwocheckout_log`
--


--
-- Table structure for table `tbluser_api`
--

CREATE TABLE `tbluser_api` (
  `id` int NOT NULL AUTO_INCREMENT,
  `user` varchar(50) NOT NULL,
  `name` varchar(50) NOT NULL,
  `token` varchar(255) NOT NULL,
  `expiration_date` datetime DEFAULT NULL,
  `permission_enable` tinyint DEFAULT '0',
  PRIMARY KEY (`id`)
) ENGINE=InnoDB DEFAULT CHARSET=utf8mb4 COLLATE=utf8mb4_0900_ai_ci;

--
-- Dumping data for table `tbluser_api`
--


--
-- Table structure for table `tbluser_api_permissions`
--

CREATE TABLE `tbluser_api_permissions` (
  `api_id` int NOT NULL,
  `feature` varchar(50) NOT NULL,
  `capability` varchar(50) NOT NULL
) ENGINE=InnoDB DEFAULT CHARSET=utf8mb4 COLLATE=utf8mb4_0900_ai_ci;

--
-- Dumping data for table `tbluser_api_permissions`
--


--
-- Table structure for table `tbluser_auto_login`
--

CREATE TABLE `tbluser_auto_login` (
  `key_id` char(32) CHARACTER SET utf8mb4 COLLATE utf8mb4_unicode_ci NOT NULL,
  `user_id` int NOT NULL,
  `user_agent` varchar(150) CHARACTER SET utf8mb4 COLLATE utf8mb4_unicode_ci NOT NULL,
  `last_ip` varchar(40) CHARACTER SET utf8mb4 COLLATE utf8mb4_unicode_ci NOT NULL,
  `last_login` timestamp NOT NULL DEFAULT CURRENT_TIMESTAMP ON UPDATE CURRENT_TIMESTAMP,
  `staff` int NOT NULL
) ENGINE=InnoDB DEFAULT CHARSET=utf8mb4 COLLATE=utf8mb4_unicode_ci;

--
-- Dumping data for table `tbluser_auto_login`
--

INSERT INTO `tbluser_auto_login` VALUES ('eace7f9e5df903958dc400d088134855',2,'Mozilla/5.0 (Linux; Android 10; K) AppleWebKit/537.36 (KHTML, like Gecko) Chrome/133.0.0.0 Mobile Safari/537.36','2607:fa49:1c38:f500:21a4:ba42:f574:306b','2025-02-18 01:21:53',1),('a0c83dee4aedb394980d378856795db8',1,'Mozilla/5.0 (Windows NT 10.0; Win64; x64) AppleWebKit/537.36 (KHTML, like Gecko) Chrome/133.0.0.0 Safari/537.36 Edg/133.0.0.0','2a0a:e805:614:6a00::','2025-02-27 15:49:27',1),('ad22de59096fa416d4b75b5b4441b1b6',4,'Mozilla/5.0 (Windows NT 10.0; Win64; x64) AppleWebKit/537.36 (KHTML, like Gecko) Chrome/134.0.0.0 Safari/537.36 Edg/134.0.0.0','2001:861:8c88:c9f0:1ccb:99e8:5eac:5507','2025-03-17 10:58:00',1),('3106d07c140c518b931db45930c6132d',4,'Mozilla/5.0 (Windows NT 10.0; Win64; x64) AppleWebKit/537.36 (KHTML, like Gecko) Chrome/134.0.0.0 Safari/537.36 Edg/134.0.0.0','2a0a:e805:611:3e00::','2025-03-17 13:08:54',1),('e577dbccb405a35dea339bc4ee52872f',5,'Mozilla/5.0 (Windows NT 10.0; Win64; x64) AppleWebKit/537.36 (KHTML, like Gecko) Chrome/149.0.0.0 Safari/537.36 Edg/149.0.0.0','2a0a:e805:613:6f00::','2026-06-18 07:19:34',1);

--
-- Table structure for table `tbluser_meta`
--

CREATE TABLE `tbluser_meta` (
  `umeta_id` bigint unsigned NOT NULL AUTO_INCREMENT,
  `staff_id` bigint unsigned NOT NULL DEFAULT '0',
  `client_id` bigint unsigned NOT NULL DEFAULT '0',
  `contact_id` bigint unsigned NOT NULL DEFAULT '0',
  `meta_key` varchar(191) CHARACTER SET utf8mb4 COLLATE utf8mb4_unicode_ci DEFAULT NULL,
  `meta_value` longtext CHARACTER SET utf8mb4 COLLATE utf8mb4_unicode_ci,
  PRIMARY KEY (`umeta_id`)
) ENGINE=InnoDB AUTO_INCREMENT=3 DEFAULT CHARSET=utf8mb4 COLLATE=utf8mb4_unicode_ci;

--
-- Dumping data for table `tbluser_meta`
--

INSERT INTO `tbluser_meta` VALUES (1,0,0,1,'consent_key','e3eba04b446bb12cde9d48a64536e568-711d3771fdda8fd57bc449f97edbef94'),(2,2,0,0,'dashboard_widgets_visibility','a:11:{i:0;a:2:{s:2:\"id\";s:9:\"top_stats\";s:7:\"visible\";s:1:\"1\";}i:1;a:2:{s:2:\"id\";s:16:\"finance_overview\";s:7:\"visible\";s:1:\"0\";}i:2;a:2:{s:2:\"id\";s:9:\"user_data\";s:7:\"visible\";s:1:\"1\";}i:3;a:2:{s:2:\"id\";s:8:\"calendar\";s:7:\"visible\";s:1:\"1\";}i:4;a:2:{s:2:\"id\";s:14:\"payments_chart\";s:7:\"visible\";s:1:\"1\";}i:5;a:2:{s:2:\"id\";s:18:\"contracts_expiring\";s:7:\"visible\";s:1:\"1\";}i:6;a:2:{s:2:\"id\";s:14:\"tickets_report\";s:7:\"visible\";s:1:\"1\";}i:7;a:2:{s:2:\"id\";s:5:\"todos\";s:7:\"visible\";s:1:\"1\";}i:8;a:2:{s:2:\"id\";s:11:\"leads_chart\";s:7:\"visible\";s:1:\"1\";}i:9;a:2:{s:2:\"id\";s:14:\"projects_chart\";s:7:\"visible\";s:1:\"1\";}i:10;a:2:{s:2:\"id\";s:17:\"projects_activity\";s:7:\"visible\";s:1:\"1\";}}');

--
-- Table structure for table `tblvault`
--

CREATE TABLE `tblvault` (
  `id` int NOT NULL AUTO_INCREMENT,
  `customer_id` int NOT NULL,
  `server_address` varchar(191) CHARACTER SET utf8mb4 COLLATE utf8mb4_unicode_ci NOT NULL,
  `port` int DEFAULT NULL,
  `username` varchar(191) CHARACTER SET utf8mb4 COLLATE utf8mb4_unicode_ci NOT NULL,
  `password` mediumtext CHARACTER SET utf8mb4 COLLATE utf8mb4_unicode_ci NOT NULL,
  `description` mediumtext CHARACTER SET utf8mb4 COLLATE utf8mb4_unicode_ci,
  `creator` int NOT NULL,
  `creator_name` varchar(100) CHARACTER SET utf8mb4 COLLATE utf8mb4_unicode_ci DEFAULT NULL,
  `visibility` tinyint(1) NOT NULL DEFAULT '1',
  `share_in_projects` tinyint(1) NOT NULL DEFAULT '0',
  `last_updated` datetime DEFAULT NULL,
  `last_updated_from` varchar(100) CHARACTER SET utf8mb4 COLLATE utf8mb4_unicode_ci DEFAULT NULL,
  `date_created` datetime NOT NULL,
  PRIMARY KEY (`id`)
) ENGINE=InnoDB DEFAULT CHARSET=utf8mb4 COLLATE=utf8mb4_unicode_ci;

--
-- Dumping data for table `tblvault`
--


--
-- Table structure for table `tblviews_tracking`
--

CREATE TABLE `tblviews_tracking` (
  `id` int NOT NULL AUTO_INCREMENT,
  `rel_id` int NOT NULL,
  `rel_type` varchar(40) CHARACTER SET utf8mb4 COLLATE utf8mb4_unicode_ci NOT NULL,
  `date` datetime NOT NULL,
  `view_ip` varchar(40) CHARACTER SET utf8mb4 COLLATE utf8mb4_unicode_ci NOT NULL,
  PRIMARY KEY (`id`)
) ENGINE=InnoDB DEFAULT CHARSET=utf8mb4 COLLATE=utf8mb4_unicode_ci;

--
-- Dumping data for table `tblviews_tracking`
--


--
-- Table structure for table `tblweb_to_lead`
--

CREATE TABLE `tblweb_to_lead` (
  `id` int NOT NULL AUTO_INCREMENT,
  `form_key` varchar(32) CHARACTER SET utf8mb4 COLLATE utf8mb4_unicode_ci NOT NULL,
  `lead_source` int NOT NULL,
  `lead_status` int NOT NULL,
  `notify_lead_imported` int NOT NULL DEFAULT '1',
  `notify_type` varchar(20) CHARACTER SET utf8mb4 COLLATE utf8mb4_unicode_ci DEFAULT NULL,
  `notify_ids` longtext CHARACTER SET utf8mb4 COLLATE utf8mb4_unicode_ci,
  `responsible` int NOT NULL DEFAULT '0',
  `name` varchar(191) CHARACTER SET utf8mb4 COLLATE utf8mb4_unicode_ci NOT NULL,
  `form_data` longtext CHARACTER SET utf8mb4 COLLATE utf8mb4_unicode_ci,
  `recaptcha` int NOT NULL DEFAULT '0',
  `submit_btn_name` varchar(40) CHARACTER SET utf8mb4 COLLATE utf8mb4_unicode_ci DEFAULT NULL,
  `submit_btn_text_color` varchar(10) CHARACTER SET utf8mb4 COLLATE utf8mb4_unicode_ci DEFAULT '#ffffff',
  `submit_btn_bg_color` varchar(10) CHARACTER SET utf8mb4 COLLATE utf8mb4_unicode_ci DEFAULT '#84c529',
  `success_submit_msg` mediumtext CHARACTER SET utf8mb4 COLLATE utf8mb4_unicode_ci,
  `submit_action` int DEFAULT '0',
  `lead_name_prefix` varchar(255) CHARACTER SET utf8mb4 COLLATE utf8mb4_unicode_ci DEFAULT NULL,
  `submit_redirect_url` longtext CHARACTER SET utf8mb4 COLLATE utf8mb4_unicode_ci,
  `language` varchar(40) CHARACTER SET utf8mb4 COLLATE utf8mb4_unicode_ci DEFAULT NULL,
  `allow_duplicate` int NOT NULL DEFAULT '1',
  `mark_public` int NOT NULL DEFAULT '0',
  `track_duplicate_field` varchar(20) CHARACTER SET utf8mb4 COLLATE utf8mb4_unicode_ci DEFAULT NULL,
  `track_duplicate_field_and` varchar(20) CHARACTER SET utf8mb4 COLLATE utf8mb4_unicode_ci DEFAULT NULL,
  `create_task_on_duplicate` int NOT NULL DEFAULT '0',
  `dateadded` datetime NOT NULL,
  PRIMARY KEY (`id`)
) ENGINE=InnoDB DEFAULT CHARSET=utf8mb4 COLLATE=utf8mb4_unicode_ci;

--
-- Dumping data for table `tblweb_to_lead`
--


--
-- Table structure for table `tblwebhooks_debug_log`
--

CREATE TABLE `tblwebhooks_debug_log` (
  `id` int NOT NULL AUTO_INCREMENT,
  `webhook_action_name` varchar(200) NOT NULL,
  `request_url` text NOT NULL,
  `webhook_for` varchar(50) NOT NULL,
  `webhook_action` text NOT NULL,
  `request_method` varchar(100) NOT NULL,
  `request_format` varchar(20) NOT NULL,
  `request_header` text NOT NULL,
  `request_body` text NOT NULL,
  `response_code` varchar(4) NOT NULL,
  `response_data` text NOT NULL,
  `recorded_at` datetime NOT NULL DEFAULT CURRENT_TIMESTAMP,
  PRIMARY KEY (`id`)
) ENGINE=InnoDB DEFAULT CHARSET=utf8mb4 COLLATE=utf8mb4_0900_ai_ci;

--
-- Dumping data for table `tblwebhooks_debug_log`
--


--
-- Table structure for table `tblwebhooks_master`
--

CREATE TABLE `tblwebhooks_master` (
  `id` int NOT NULL AUTO_INCREMENT,
  `name` varchar(200) NOT NULL,
  `webhook_for` varchar(50) NOT NULL,
  `webhook_action` text NOT NULL,
  `request_url` text NOT NULL,
  `active` tinyint NOT NULL DEFAULT '1',
  `request_method` varchar(100) NOT NULL,
  `request_format` varchar(20) NOT NULL,
  `request_header` text NOT NULL,
  `request_body` text NOT NULL,
  `debug_mode` tinyint NOT NULL DEFAULT '0',
  `created_at` timestamp NOT NULL DEFAULT CURRENT_TIMESTAMP,
  PRIMARY KEY (`id`)
) ENGINE=InnoDB DEFAULT CHARSET=utf8mb4 COLLATE=utf8mb4_0900_ai_ci;

--
-- Dumping data for table `tblwebhooks_master`
--



